Last updated on 2025-05-03 21:51:16 CEST.
Flavor | Version | Tinstall | Tcheck | Ttotal | Status | Flags |
---|---|---|---|---|---|---|
r-devel-linux-x86_64-debian-clang | 4.15 | 32.00 | 105.59 | 137.59 | NOTE | |
r-devel-linux-x86_64-debian-gcc | 4.15 | 17.74 | 72.58 | 90.32 | NOTE | |
r-devel-linux-x86_64-fedora-clang | 4.15 | 224.23 | OK | |||
r-devel-linux-x86_64-fedora-gcc | 4.15 | 196.54 | OK | |||
r-devel-windows-x86_64 | 4.15 | 27.00 | 142.00 | 169.00 | OK | |
r-patched-linux-x86_64 | 4.15 | 34.55 | 100.80 | 135.35 | OK | |
r-release-linux-x86_64 | OK | |||||
r-release-macos-arm64 | 4.15 | 56.00 | OK | |||
r-release-macos-x86_64 | 4.15 | 143.00 | OK | |||
r-release-windows-x86_64 | 4.15 | 32.00 | 140.00 | 172.00 | OK | |
r-oldrel-macos-arm64 | 4.15 | 53.00 | OK | |||
r-oldrel-macos-x86_64 | 4.15 | 121.00 | OK | |||
r-oldrel-windows-x86_64 | 4.15 | 26.00 | 166.00 | 192.00 | OK |
Version: 4.15
Check: CRAN incoming feasibility
Result: NOTE
Maintainer: ‘Shannon T. Holloway <shannon.t.holloway@gmail.com>’
No Authors@R field in DESCRIPTION.
Please add one, modifying
Authors@R: c(person(given = c("S.", "T."),
family = "Holloway",
role = "aut"),
person(given = c("E.", "B."),
family = "Laber",
role = "aut"),
person(given = c("K.", "A."),
family = "Linn",
role = "aut"),
person(given = "B.",
family = "Zhang",
role = "aut"),
person(given = "M.",
family = "Davidian",
role = "aut"),
person(given = c("A.", "A."),
family = "Tsiatis",
role = "aut"),
person(given = c("Shannon", "T."),
family = "Holloway",
role = "cre",
email = "shannon.t.holloway@gmail.com"))
as necessary.
Flavors: r-devel-linux-x86_64-debian-clang, r-devel-linux-x86_64-debian-gcc