CRAN Package Check Results for Package DynClust

Last updated on 2025-05-09 20:49:49 CEST.

Flavor Version Tinstall Tcheck Ttotal Status Flags
r-devel-linux-x86_64-debian-clang 3.24 2.69 20.65 23.34 NOTE
r-devel-linux-x86_64-debian-gcc 3.24 2.08 16.84 18.92 NOTE
r-devel-linux-x86_64-fedora-clang 3.24 38.14 OK
r-devel-linux-x86_64-fedora-gcc 3.24 34.37 OK
r-devel-windows-x86_64 3.24 4.00 42.00 46.00 OK
r-patched-linux-x86_64 3.24 2.69 19.61 22.30 OK
r-release-linux-x86_64 3.24 2.02 19.95 21.97 OK
r-release-macos-arm64 3.24 17.00 OK
r-release-macos-x86_64 3.24 25.00 OK
r-release-windows-x86_64 3.24 6.00 42.00 48.00 OK
r-oldrel-macos-arm64 3.24 16.00 OK
r-oldrel-macos-x86_64 3.24 22.00 OK
r-oldrel-windows-x86_64 3.24 4.00 42.00 46.00 OK

Check Details

Version: 3.24
Check: CRAN incoming feasibility
Result: NOTE Maintainer: ‘Yves Rozenholc <yves.rozenholc@u-paris.fr>’ No Authors@R field in DESCRIPTION. Please add one, modifying Authors@R: c(person(given = "Yves", family = "Rozenholc", role = c("aut", "cre"), email = "yves.rozenholc@u-paris.fr", comment = "UR7537, Univ. Paris Cité"), person(given = "Christophe", family = "Pouzat", role = "aut", comment = "IRMA, CNRS UMR 7501"), person(given = "Tiffany", family = "Lieury", role = "aut", comment = "Cerebral Physiology lab, Univ. Paris Descartes")) as necessary. Flavors: r-devel-linux-x86_64-debian-clang, r-devel-linux-x86_64-debian-gcc