Last updated on 2025-05-08 20:49:34 CEST.
Flavor | Version | Tinstall | Tcheck | Ttotal | Status | Flags |
---|---|---|---|---|---|---|
r-devel-linux-x86_64-debian-clang | 1.0 | 194.58 | 123.95 | 318.53 | NOTE | |
r-devel-linux-x86_64-debian-gcc | 1.0 | 135.64 | 84.50 | 220.14 | NOTE | |
r-devel-linux-x86_64-fedora-clang | 1.0 | 627.87 | NOTE | |||
r-devel-linux-x86_64-fedora-gcc | 1.0 | 609.69 | NOTE | |||
r-devel-windows-x86_64 | 1.0 | 224.00 | 162.00 | 386.00 | NOTE | |
r-patched-linux-x86_64 | 1.0 | 187.53 | 115.68 | 303.21 | NOTE | |
r-release-linux-x86_64 | 1.0 | 184.91 | 116.09 | 301.00 | NOTE | |
r-release-macos-arm64 | 1.0 | 182.00 | NOTE | |||
r-release-macos-x86_64 | 1.0 | 204.00 | NOTE | |||
r-release-windows-x86_64 | 1.0 | 225.00 | 157.00 | 382.00 | NOTE | |
r-oldrel-macos-arm64 | 1.0 | 135.00 | NOTE | |||
r-oldrel-macos-x86_64 | 1.0 | 151.00 | NOTE | |||
r-oldrel-windows-x86_64 | 1.0 | 259.00 | 189.00 | 448.00 | NOTE |
Version: 1.0
Check: C++ specification
Result: NOTE
Specified C++11: please drop specification unless essential
Flavors: r-devel-linux-x86_64-debian-clang, r-devel-linux-x86_64-debian-gcc, r-devel-linux-x86_64-fedora-clang, r-devel-linux-x86_64-fedora-gcc, r-devel-windows-x86_64, r-patched-linux-x86_64, r-release-linux-x86_64, r-release-macos-arm64, r-release-macos-x86_64, r-release-windows-x86_64, r-oldrel-macos-arm64, r-oldrel-macos-x86_64, r-oldrel-windows-x86_64
Version: 1.0
Check: Rd files
Result: NOTE
checkRd: (-1) monitor_long_1d.Rd:33: Lost braces
33 | If \code{side="upward"}{apply control charts that aim to detect upward shifts.} \cr
| ^
checkRd: (-1) monitor_long_1d.Rd:34: Lost braces
34 | If \code{side="downward"}{apply control charts that aim to detect downward shifts.} \cr
| ^
checkRd: (-1) monitor_long_1d.Rd:35: Lost braces
35 | If \code{side="both"}{apply control charts that aim to detect shifts in both sides}}
| ^
checkRd: (-1) monitor_long_1d.Rd:38: Lost braces
38 | If \code{chart="CUSUM"}{apply CUSUM charts.} \cr
| ^
checkRd: (-1) monitor_long_1d.Rd:39: Lost braces
39 | If \code{chart="EWMA"}{apply EWMA charts.}}
| ^
Flavors: r-devel-linux-x86_64-debian-clang, r-devel-linux-x86_64-debian-gcc, r-devel-linux-x86_64-fedora-clang, r-devel-linux-x86_64-fedora-gcc, r-devel-windows-x86_64, r-patched-linux-x86_64, r-release-linux-x86_64, r-release-macos-arm64, r-release-macos-x86_64, r-release-windows-x86_64, r-oldrel-macos-arm64, r-oldrel-macos-x86_64, r-oldrel-windows-x86_64
Version: 1.0
Check: installed package size
Result: NOTE
installed size is 11.6Mb
sub-directories of 1Mb or more:
data 3.1Mb
libs 7.9Mb
Flavors: r-oldrel-macos-arm64, r-oldrel-macos-x86_64, r-oldrel-windows-x86_64