Last updated on 2024-03-27 19:56:50 CET.
Flavor | Version | Tinstall | Tcheck | Ttotal | Status | Flags |
---|---|---|---|---|---|---|
r-devel-linux-x86_64-debian-clang | 1.0 | 354.49 | 131.16 | 485.65 | NOTE | |
r-devel-linux-x86_64-debian-gcc | 1.0 | 261.21 | 109.49 | 370.70 | NOTE | |
r-devel-linux-x86_64-fedora-clang | 1.0 | 736.63 | NOTE | |||
r-devel-linux-x86_64-fedora-gcc | 1.0 | 774.06 | NOTE | |||
r-devel-windows-x86_64 | 1.0 | 265.00 | 149.00 | 414.00 | NOTE | |
r-patched-linux-x86_64 | 1.0 | 327.67 | 134.68 | 462.35 | NOTE | |
r-release-linux-x86_64 | 1.0 | 332.97 | 136.02 | 468.99 | NOTE | |
r-release-macos-arm64 | 1.0 | 178.00 | NOTE | |||
r-release-macos-x86_64 | 1.0 | 279.00 | NOTE | |||
r-release-windows-x86_64 | 1.0 | 323.00 | 182.00 | 505.00 | NOTE | |
r-oldrel-macos-arm64 | 1.0 | 144.00 | NOTE | |||
r-oldrel-windows-x86_64 | 1.0 | 320.00 | 168.00 | 488.00 | NOTE |
Version: 1.0
Check: C++ specification
Result: NOTE
Specified C++11: please drop specification unless essential
Flavors: r-devel-linux-x86_64-debian-clang, r-devel-linux-x86_64-debian-gcc, r-devel-linux-x86_64-fedora-clang, r-devel-linux-x86_64-fedora-gcc, r-devel-windows-x86_64, r-patched-linux-x86_64, r-release-linux-x86_64, r-release-macos-arm64, r-release-macos-x86_64, r-release-windows-x86_64
Version: 1.0
Check: Rd files
Result: NOTE
checkRd: (-1) monitor_long_1d.Rd:33: Lost braces
33 | If \code{side="upward"}{apply control charts that aim to detect upward shifts.} \cr
| ^
checkRd: (-1) monitor_long_1d.Rd:34: Lost braces
34 | If \code{side="downward"}{apply control charts that aim to detect downward shifts.} \cr
| ^
checkRd: (-1) monitor_long_1d.Rd:35: Lost braces
35 | If \code{side="both"}{apply control charts that aim to detect shifts in both sides}}
| ^
checkRd: (-1) monitor_long_1d.Rd:38: Lost braces
38 | If \code{chart="CUSUM"}{apply CUSUM charts.} \cr
| ^
checkRd: (-1) monitor_long_1d.Rd:39: Lost braces
39 | If \code{chart="EWMA"}{apply EWMA charts.}}
| ^
Flavors: r-devel-linux-x86_64-debian-clang, r-devel-linux-x86_64-debian-gcc, r-devel-linux-x86_64-fedora-clang, r-devel-linux-x86_64-fedora-gcc, r-devel-windows-x86_64
Version: 1.0
Check: installed package size
Result: NOTE
installed size is 5.3Mb
sub-directories of 1Mb or more:
data 3.0Mb
libs 1.7Mb
Flavors: r-devel-windows-x86_64, r-release-macos-arm64, r-release-macos-x86_64, r-release-windows-x86_64, r-oldrel-macos-arm64, r-oldrel-windows-x86_64