Last updated on 2024-04-18 21:56:49 CEST.
Flavor | Version | Tinstall | Tcheck | Ttotal | Status | Flags |
---|---|---|---|---|---|---|
r-devel-linux-x86_64-debian-clang | 0.1.1 | 16.61 | 123.99 | 140.60 | OK | |
r-devel-linux-x86_64-debian-gcc | 0.1.1 | 12.58 | 95.72 | 108.30 | OK | |
r-devel-linux-x86_64-fedora-clang | 0.1.1 | 180.63 | NOTE | |||
r-devel-linux-x86_64-fedora-gcc | 0.1.1 | 177.43 | NOTE | |||
r-prerel-macos-arm64 | 0.1.1 | 64.00 | OK | |||
r-prerel-macos-x86_64 | 0.1.1 | 103.00 | OK | |||
r-prerel-windows-x86_64 | 0.1.1 | 16.00 | 106.00 | 122.00 | OK | |
r-patched-linux-x86_64 | 0.1.1 | 14.70 | 120.75 | 135.45 | OK | |
r-release-linux-x86_64 | 0.1.1 | 13.92 | 122.21 | 136.13 | OK | |
r-release-macos-arm64 | 0.1.1 | 58.00 | OK | |||
r-release-macos-x86_64 | 0.1.1 | 127.00 | OK | |||
r-release-windows-x86_64 | 0.1.1 | 20.00 | 127.00 | 147.00 | OK | |
r-oldrel-macos-arm64 | 0.1.1 | 57.00 | OK | |||
r-oldrel-windows-x86_64 | 0.1.1 | 20.00 | 130.00 | 150.00 | OK |
Version: 0.1.1
Check: dependencies in R code
Result: NOTE
Namespace in Imports field not imported from: ‘base’
All declared Imports should be used.
Flavors: r-devel-linux-x86_64-fedora-clang, r-devel-linux-x86_64-fedora-gcc