Last updated on 2023-02-03 20:51:19 CET.
Flavor | Version | Tinstall | Tcheck | Ttotal | Status | Flags |
---|---|---|---|---|---|---|
r-devel-linux-x86_64-debian-clang | 0.2 | 3.46 | 29.38 | 32.84 | NOTE | |
r-devel-linux-x86_64-debian-gcc | 0.2 | 2.61 | 22.75 | 25.36 | NOTE | |
r-devel-linux-x86_64-fedora-clang | 0.2 | 47.99 | NOTE | |||
r-devel-linux-x86_64-fedora-gcc | 0.2 | 39.78 | NOTE | |||
r-patched-linux-x86_64 | 0.2 | 2.72 | 29.11 | 31.83 | NOTE | |
r-release-linux-x86_64 | 0.2 | 2.97 | 29.10 | 32.07 | NOTE | |
r-release-macos-arm64 | 0.2 | 18.00 | NOTE | |||
r-release-macos-x86_64 | 0.2 | 33.00 | NOTE | |||
r-release-windows-x86_64 | 0.2 | 22.00 | 63.00 | 85.00 | NOTE | |
r-oldrel-macos-arm64 | 0.2 | 20.00 | NOTE | |||
r-oldrel-macos-x86_64 | 0.2 | 29.00 | NOTE | |||
r-oldrel-windows-ix86+x86_64 | 0.2 | 9.00 | 53.00 | 62.00 | NOTE |
Version: 0.2
Check: LazyData
Result: NOTE
'LazyData' is specified without a 'data' directory
Flavors: r-devel-linux-x86_64-debian-clang, r-devel-linux-x86_64-debian-gcc, r-devel-linux-x86_64-fedora-clang, r-devel-linux-x86_64-fedora-gcc, r-patched-linux-x86_64, r-release-linux-x86_64, r-release-macos-arm64, r-release-macos-x86_64, r-release-windows-x86_64, r-oldrel-macos-arm64, r-oldrel-macos-x86_64, r-oldrel-windows-ix86+x86_64