Last updated on 2024-04-17 20:57:32 CEST.
Flavor | Version | Tinstall | Tcheck | Ttotal | Status | Flags |
---|---|---|---|---|---|---|
r-devel-linux-x86_64-debian-clang | 0.4.0.1 | 49.93 | 42.59 | 92.52 | NOTE | |
r-devel-linux-x86_64-debian-gcc | 0.4.0.1 | 38.59 | 42.77 | 81.36 | NOTE | |
r-devel-linux-x86_64-fedora-clang | 0.4.0.1 | 136.66 | NOTE | |||
r-devel-linux-x86_64-fedora-gcc | 0.4.0.1 | 134.89 | NOTE | |||
r-prerel-macos-arm64 | 0.4.0.1 | 33.00 | NOTE | |||
r-prerel-windows-x86_64 | 0.4.0.1 | 37.00 | 71.00 | 108.00 | NOTE | |
r-patched-linux-x86_64 | 0.4.0.1 | 54.48 | 56.03 | 110.51 | NOTE | |
r-release-linux-x86_64 | 0.4.0.1 | 41.58 | 56.29 | 97.87 | NOTE | |
r-release-macos-arm64 | 0.4.0.1 | 38.00 | NOTE | |||
r-release-macos-x86_64 | 0.4.0.1 | 59.00 | NOTE | |||
r-release-windows-x86_64 | 0.4.0.1 | 49.00 | 84.00 | 133.00 | NOTE | |
r-oldrel-macos-arm64 | 0.4.0.1 | 39.00 | OK | |||
r-oldrel-windows-x86_64 | 0.4.0.1 | 47.00 | 81.00 | 128.00 | OK |
Version: 0.4.0.1
Check: C++ specification
Result: NOTE
Specified C++11: please drop specification unless essential
Flavors: r-devel-linux-x86_64-debian-clang, r-devel-linux-x86_64-debian-gcc, r-devel-linux-x86_64-fedora-clang, r-devel-linux-x86_64-fedora-gcc, r-prerel-macos-arm64, r-prerel-windows-x86_64, r-patched-linux-x86_64, r-release-linux-x86_64, r-release-macos-arm64, r-release-macos-x86_64, r-release-windows-x86_64