Last updated on 2025-05-17 20:50:14 CEST.
Flavor | Version | Tinstall | Tcheck | Ttotal | Status | Flags |
---|---|---|---|---|---|---|
r-devel-linux-x86_64-debian-clang | 1.1 | 2.17 | 27.68 | 29.85 | NOTE | |
r-devel-linux-x86_64-debian-gcc | 1.1 | 1.78 | 21.78 | 23.56 | NOTE | |
r-devel-linux-x86_64-fedora-clang | 1.1 | 46.61 | OK | |||
r-devel-linux-x86_64-fedora-gcc | 1.1 | 45.55 | OK | |||
r-devel-windows-x86_64 | 1.1 | 3.00 | 49.00 | 52.00 | OK | |
r-patched-linux-x86_64 | 1.1 | 2.38 | 26.30 | 28.68 | OK | |
r-release-linux-x86_64 | 1.1 | 1.78 | 26.48 | 28.26 | OK | |
r-release-macos-arm64 | 1.1 | 19.00 | OK | |||
r-release-macos-x86_64 | 1.1 | 33.00 | OK | |||
r-release-windows-x86_64 | 1.1 | 3.00 | 51.00 | 54.00 | OK | |
r-oldrel-macos-arm64 | 1.1 | 18.00 | OK | |||
r-oldrel-macos-x86_64 | 1.1 | 28.00 | OK | |||
r-oldrel-windows-x86_64 | 1.1 | 4.00 | 49.00 | 53.00 | OK |
Version: 1.1
Check: CRAN incoming feasibility
Result: NOTE
Maintainer: ‘Sean Ruddy <s.ruddy@yahoo.com>’
No Authors@R field in DESCRIPTION.
Please add one, modifying
Authors@R: person(given = "Sean",
family = "Ruddy",
role = c("aut", "cre"),
email = "s.ruddy@yahoo.com")
as necessary.
Flavors: r-devel-linux-x86_64-debian-clang, r-devel-linux-x86_64-debian-gcc