Last updated on 2024-04-22 20:53:34 CEST.
Flavor | Version | Tinstall | Tcheck | Ttotal | Status | Flags |
---|---|---|---|---|---|---|
r-devel-linux-x86_64-debian-clang | 0.12 | 7.75 | 113.00 | 120.75 | NOTE | |
r-devel-linux-x86_64-debian-gcc | 0.12 | 5.52 | 82.85 | 88.37 | NOTE | |
r-devel-linux-x86_64-fedora-clang | 0.12 | 146.76 | NOTE | |||
r-devel-linux-x86_64-fedora-gcc | 0.12 | 152.11 | NOTE | |||
r-prerel-macos-arm64 | 0.12 | 46.00 | NOTE | |||
r-prerel-windows-x86_64 | 0.12 | 11.00 | 103.00 | 114.00 | NOTE | |
r-patched-linux-x86_64 | 0.12 | 11.83 | 106.13 | 117.96 | NOTE | |
r-release-linux-x86_64 | 0.12 | 6.18 | 111.87 | 118.05 | OK | |
r-release-macos-arm64 | 0.12 | 53.00 | OK | |||
r-release-macos-x86_64 | 0.12 | 128.00 | OK | |||
r-release-windows-x86_64 | 0.12 | 14.00 | 124.00 | 138.00 | OK | |
r-oldrel-macos-arm64 | 0.12 | 53.00 | OK | |||
r-oldrel-windows-x86_64 | 0.12 | 14.00 | 126.00 | 140.00 | OK |
Version: 0.12
Check: Rd files
Result: NOTE
checkRd: (-1) rsmformula.Rd:96: Lost braces
96 | URL{http://www.jstatsoft.org/v32/i07/}.
| ^
Flavors: r-devel-linux-x86_64-debian-clang, r-devel-linux-x86_64-debian-gcc, r-devel-linux-x86_64-fedora-clang, r-devel-linux-x86_64-fedora-gcc, r-prerel-macos-arm64, r-prerel-windows-x86_64, r-patched-linux-x86_64