Last updated on 2024-04-23 20:52:01 CEST.
Flavor | Version | Tinstall | Tcheck | Ttotal | Status | Flags |
---|---|---|---|---|---|---|
r-devel-linux-x86_64-debian-clang | 1.0.11 | 28.41 | 254.47 | 282.88 | OK | |
r-devel-linux-x86_64-debian-gcc | 1.0.11 | 17.83 | 176.13 | 193.96 | OK | |
r-devel-linux-x86_64-fedora-clang | 1.0.11 | 325.43 | NOTE | |||
r-devel-linux-x86_64-fedora-gcc | 1.0.11 | 308.47 | NOTE | |||
r-prerel-macos-arm64 | 1.0.11 | 88.00 | NOTE | |||
r-prerel-macos-x86_64 | 1.0.11 | 244.00 | OK | |||
r-prerel-windows-x86_64 | 1.0.11 | 22.00 | 244.00 | 266.00 | OK | |
r-patched-linux-x86_64 | 1.0.11 | 27.41 | 230.97 | 258.38 | OK | |
r-release-linux-x86_64 | 1.0.11 | 14.54 | 240.44 | 254.98 | OK | |
r-release-macos-arm64 | 1.0.11 | 96.00 | OK | |||
r-release-macos-x86_64 | 1.0.11 | 181.00 | OK | |||
r-release-windows-x86_64 | 1.0.11 | 30.00 | 312.00 | 342.00 | OK | |
r-oldrel-macos-arm64 | 1.0.11 | 82.00 | OK | |||
r-oldrel-windows-x86_64 | 1.0.11 | 26.00 | 268.00 | 294.00 | OK |
Version: 1.0.11
Check: data for non-ASCII characters
Result: NOTE
Note: found 1 marked UTF-8 string
Flavors: r-devel-linux-x86_64-fedora-clang, r-devel-linux-x86_64-fedora-gcc
Version: 1.0.11
Check: package dependencies
Result: NOTE
Package suggested but not available for checking: ‘testthat’
Flavor: r-prerel-macos-arm64