CRAN Package Check Results for Package DetMCD

Last updated on 2025-04-14 21:50:43 CEST.

Flavor Version Tinstall Tcheck Ttotal Status Flags
r-devel-linux-x86_64-debian-clang 0.0.5 38.40 23.02 61.42 OK
r-devel-linux-x86_64-debian-gcc 0.0.5 28.97 21.50 50.47 OK
r-devel-linux-x86_64-fedora-clang 0.0.5 103.46 OK
r-devel-linux-x86_64-fedora-gcc 0.0.5 110.42 OK
r-devel-windows-x86_64 0.0.5 37.00 53.00 90.00 OK
r-patched-linux-x86_64 0.0.5 38.93 27.05 65.98 OK
r-release-linux-x86_64 0.0.5 37.38 26.56 63.94 OK
r-release-macos-arm64 0.0.5 37.00 OK
r-release-macos-x86_64 0.0.5 84.00 OK
r-release-windows-x86_64 0.0.5 39.00 55.00 94.00 OK
r-oldrel-macos-arm64 0.0.5 32.00 NOTE
r-oldrel-macos-x86_64 0.0.5 74.00 NOTE
r-oldrel-windows-x86_64 0.0.5 45.00 56.00 101.00 OK

Check Details

Version: 0.0.5
Check: installed package size
Result: NOTE installed size is 17.9Mb sub-directories of 1Mb or more: libs 17.8Mb Flavors: r-oldrel-macos-arm64, r-oldrel-macos-x86_64