Last updated on 2024-03-27 19:56:49 CET.
Flavor | Version | Tinstall | Tcheck | Ttotal | Status | Flags |
---|---|---|---|---|---|---|
r-devel-linux-x86_64-debian-clang | 0.0.5 | 50.01 | 29.31 | 79.32 | OK | |
r-devel-linux-x86_64-debian-gcc | 0.0.5 | 40.48 | 25.43 | 65.91 | OK | |
r-devel-linux-x86_64-fedora-clang | 0.0.5 | 104.80 | OK | |||
r-devel-linux-x86_64-fedora-gcc | 0.0.5 | 123.52 | OK | |||
r-devel-windows-x86_64 | 0.0.5 | 37.00 | 50.00 | 87.00 | OK | |
r-patched-linux-x86_64 | 0.0.5 | 48.61 | 32.29 | 80.90 | OK | |
r-release-linux-x86_64 | 0.0.5 | 53.91 | 31.59 | 85.50 | OK | |
r-release-macos-arm64 | 0.0.5 | 36.00 | NOTE | |||
r-release-macos-x86_64 | 0.0.5 | 46.00 | NOTE | |||
r-release-windows-x86_64 | 0.0.5 | 46.00 | 73.00 | 119.00 | OK | |
r-oldrel-macos-arm64 | 0.0.5 | 33.00 | NOTE | |||
r-oldrel-windows-x86_64 | 0.0.5 | 44.00 | 73.00 | 117.00 | OK |
Version: 0.0.5
Check: installed package size
Result: NOTE
installed size is 12.1Mb
sub-directories of 1Mb or more:
libs 12.0Mb
Flavors: r-release-macos-arm64, r-release-macos-x86_64, r-oldrel-macos-arm64