Last updated on 2025-11-02 23:49:34 CET.
| Flavor | Version | Tinstall | Tcheck | Ttotal | Status | Flags | 
|---|---|---|---|---|---|---|
| r-devel-linux-x86_64-debian-clang | 1.2.2 | 2.41 | 243.66 | 246.07 | OK | |
| r-devel-linux-x86_64-debian-gcc | 1.2.2 | 2.31 | 145.47 | 147.78 | OK | |
| r-devel-linux-x86_64-fedora-clang | 1.2.2 | 367.81 | OK | |||
| r-devel-linux-x86_64-fedora-gcc | 1.2.2 | 366.66 | OK | |||
| r-devel-windows-x86_64 | 1.2.2 | 6.00 | 235.00 | 241.00 | OK | |
| r-patched-linux-x86_64 | 1.2.2 | 2.80 | 225.72 | 228.52 | OK | |
| r-release-linux-x86_64 | 1.2.2 | 2.60 | 222.47 | 225.07 | OK | |
| r-release-macos-arm64 | 1.2.2 | 2.00 | 134.00 | 136.00 | OK | |
| r-release-macos-x86_64 | 1.2.2 | 3.00 | 319.00 | 322.00 | OK | |
| r-release-windows-x86_64 | 1.2.2 | 6.00 | 232.00 | 238.00 | OK | |
| r-oldrel-macos-arm64 | 1.2.2 | 2.00 | 104.00 | 106.00 | NOTE | |
| r-oldrel-macos-x86_64 | 1.2.2 | 2.00 | 279.00 | 281.00 | NOTE | |
| r-oldrel-windows-x86_64 | 1.2.2 | 6.00 | 302.00 | 308.00 | NOTE | 
Version: 1.2.2
Check: installed package size
Result: NOTE
    installed size is  7.1Mb
    sub-directories of 1Mb or more:
      doc       4.8Mb
      extdata   2.1Mb
Flavors: r-oldrel-macos-arm64, r-oldrel-macos-x86_64, r-oldrel-windows-x86_64