Last updated on 2025-02-20 19:51:29 CET.
Flavor | Version | Tinstall | Tcheck | Ttotal | Status | Flags |
---|---|---|---|---|---|---|
r-devel-linux-x86_64-debian-clang | 1.2.1 | 3.00 | 235.64 | 238.64 | OK | |
r-devel-linux-x86_64-debian-gcc | 1.2.1 | 2.41 | 138.22 | 140.63 | OK | |
r-devel-linux-x86_64-fedora-clang | 1.2.1 | 358.15 | OK | |||
r-devel-linux-x86_64-fedora-gcc | 1.2.1 | 364.05 | OK | |||
r-devel-macos-arm64 | 1.2.1 | 92.00 | OK | |||
r-devel-macos-x86_64 | 1.2.1 | 211.00 | OK | |||
r-devel-windows-x86_64 | 1.2.1 | 5.00 | 231.00 | 236.00 | OK | |
r-patched-linux-x86_64 | 1.2.1 | 3.94 | 217.97 | 221.91 | OK | |
r-release-linux-x86_64 | 1.2.1 | 3.21 | 217.57 | 220.78 | OK | |
r-release-macos-arm64 | 1.2.1 | 86.00 | NOTE | |||
r-release-macos-x86_64 | 1.2.1 | 154.00 | NOTE | |||
r-release-windows-x86_64 | 1.2.1 | 5.00 | 227.00 | 232.00 | NOTE | |
r-oldrel-macos-arm64 | 1.2.1 | 100.00 | NOTE | |||
r-oldrel-macos-x86_64 | 1.2.1 | 358.00 | NOTE | |||
r-oldrel-windows-x86_64 | 1.2.1 | 6.00 | 261.00 | 267.00 | NOTE |
Version: 1.2.1
Check: installed package size
Result: NOTE
installed size is 7.1Mb
sub-directories of 1Mb or more:
doc 4.8Mb
extdata 2.1Mb
Flavors: r-release-macos-arm64, r-release-macos-x86_64, r-release-windows-x86_64, r-oldrel-macos-arm64, r-oldrel-macos-x86_64, r-oldrel-windows-x86_64