CRAN Package Check Results for Package DemografixeR

Last updated on 2022-09-28 21:51:35 CEST.

Flavor Version Tinstall Tcheck Ttotal Status Flags
r-devel-linux-x86_64-debian-clang 0.1.1 1.59 28.89 30.48 NOTE
r-devel-linux-x86_64-debian-gcc 0.1.1 1.87 22.78 24.65 NOTE
r-devel-linux-x86_64-fedora-clang 0.1.1 51.81 NOTE
r-devel-linux-x86_64-fedora-gcc 0.1.1 47.55 NOTE
r-devel-windows-x86_64 0.1.1 19.00 62.00 81.00 NOTE
r-patched-linux-x86_64 0.1.1 2.75 27.55 30.30 NOTE
r-release-linux-x86_64 0.1.1 1.66 27.74 29.40 NOTE
r-release-macos-arm64 0.1.1 21.00 NOTE
r-release-macos-x86_64 0.1.1 27.00 NOTE
r-release-windows-x86_64 0.1.1 17.00 59.00 76.00 NOTE
r-oldrel-macos-arm64 0.1.1 25.00 NOTE
r-oldrel-macos-x86_64 0.1.1 27.00 NOTE
r-oldrel-windows-ix86+x86_64 0.1.1 7.00 55.00 62.00 NOTE

Check Details

Version: 0.1.1
Check: LazyData
Result: NOTE
     'LazyData' is specified without a 'data' directory
Flavors: r-devel-linux-x86_64-debian-clang, r-devel-linux-x86_64-debian-gcc, r-devel-linux-x86_64-fedora-clang, r-devel-linux-x86_64-fedora-gcc, r-devel-windows-x86_64, r-patched-linux-x86_64, r-release-linux-x86_64, r-release-macos-arm64, r-release-macos-x86_64, r-release-windows-x86_64, r-oldrel-macos-arm64, r-oldrel-macos-x86_64, r-oldrel-windows-ix86+x86_64