Last updated on 2024-07-17 20:56:57 CEST.
Flavor | Version | Tinstall | Tcheck | Ttotal | Status | Flags |
---|---|---|---|---|---|---|
r-devel-linux-x86_64-debian-clang | 1.0.6 | 9.26 | 151.72 | 160.98 | OK | |
r-devel-linux-x86_64-debian-gcc | 1.0.6 | 9.77 | 114.55 | 124.32 | OK | |
r-devel-linux-x86_64-fedora-clang | 1.0.6 | 220.58 | OK | |||
r-devel-linux-x86_64-fedora-gcc | 1.0.6 | 201.08 | OK | |||
r-devel-windows-x86_64 | 1.0.6 | 13.00 | 145.00 | 158.00 | NOTE | |
r-patched-linux-x86_64 | 1.0.6 | 23.09 | 148.52 | 171.61 | OK | |
r-release-linux-x86_64 | 1.0.6 | 9.66 | 148.18 | 157.84 | OK | |
r-release-macos-arm64 | 1.0.6 | 66.00 | OK | |||
r-release-macos-x86_64 | 1.0.6 | 116.00 | OK | |||
r-release-windows-x86_64 | 1.0.6 | 14.00 | 149.00 | 163.00 | OK | |
r-oldrel-macos-arm64 | 1.0.6 | 67.00 | OK | |||
r-oldrel-macos-x86_64 | 1.0.6 | 130.00 | NOTE | |||
r-oldrel-windows-x86_64 | 1.0.6 | 16.00 | 165.00 | 181.00 | OK |
Version: 1.0.6
Check: Rd cross-references
Result: NOTE
Found the following Rd file(s) with Rd \link{} targets missing package
anchors:
inst.ratio.Rd: pdfDisplay
Please provide package anchors for all Rd \link{} targets not in the
package itself and the base packages.
Flavor: r-devel-windows-x86_64
Version: 1.0.6
Check: package dependencies
Result: NOTE
Packages suggested but not available for checking: 'EMD', 'astrochron'
Flavor: r-oldrel-macos-x86_64