Last updated on 2024-03-27 19:56:48 CET.
Flavor | Version | Tinstall | Tcheck | Ttotal | Status | Flags |
---|---|---|---|---|---|---|
r-devel-linux-x86_64-debian-clang | 1.2.1 | 183.32 | 103.08 | 286.40 | NOTE | |
r-devel-linux-x86_64-debian-gcc | 1.2.1 | 131.61 | 80.11 | 211.72 | NOTE | |
r-devel-linux-x86_64-fedora-clang | 1.2.1 | 426.62 | NOTE | |||
r-devel-linux-x86_64-fedora-gcc | 1.2.1 | 453.62 | NOTE | |||
r-devel-windows-x86_64 | 1.2.1 | 135.00 | 116.00 | 251.00 | NOTE | |
r-patched-linux-x86_64 | 1.2.1 | 169.93 | 96.43 | 266.36 | NOTE | |
r-release-linux-x86_64 | 1.2.1 | 169.50 | 99.99 | 269.49 | NOTE | |
r-release-macos-arm64 | 1.2.1 | 84.00 | NOTE | |||
r-release-macos-x86_64 | 1.2.1 | 132.00 | NOTE | |||
r-release-windows-x86_64 | 1.2.1 | 168.00 | 140.00 | 308.00 | NOTE | |
r-oldrel-macos-arm64 | 1.2.1 | 87.00 | NOTE | |||
r-oldrel-windows-x86_64 | 1.2.1 | 167.00 | 135.00 | 302.00 | NOTE |
Version: 1.2.1
Check: for GNU extensions in Makefiles
Result: NOTE
GNU make is a SystemRequirements.
Flavors: r-devel-linux-x86_64-debian-clang, r-devel-linux-x86_64-debian-gcc, r-devel-linux-x86_64-fedora-clang, r-devel-linux-x86_64-fedora-gcc, r-devel-windows-x86_64, r-patched-linux-x86_64, r-release-linux-x86_64, r-release-macos-arm64, r-release-macos-x86_64, r-release-windows-x86_64, r-oldrel-macos-arm64, r-oldrel-windows-x86_64
Version: 1.2.1
Check: Rd cross-references
Result: NOTE
Undeclared package ‘DRquality’ in Rd xrefs
Flavor: r-devel-linux-x86_64-fedora-clang
Version: 1.2.1
Check: installed package size
Result: NOTE
installed size is 7.0Mb
sub-directories of 1Mb or more:
doc 2.8Mb
libs 3.9Mb
Flavors: r-release-macos-arm64, r-release-macos-x86_64, r-oldrel-macos-arm64