Last updated on 2024-03-27 19:56:48 CET.
Flavor | Version | Tinstall | Tcheck | Ttotal | Status | Flags |
---|---|---|---|---|---|---|
r-devel-linux-x86_64-debian-clang | 1.3.2 | 48.22 | 242.93 | 291.15 | OK | |
r-devel-linux-x86_64-debian-gcc | 1.3.2 | 36.38 | 175.17 | 211.55 | OK | |
r-devel-linux-x86_64-fedora-clang | 1.3.2 | 409.57 | NOTE | |||
r-devel-linux-x86_64-fedora-gcc | 1.3.2 | 401.48 | OK | |||
r-devel-windows-x86_64 | 1.3.2 | 41.00 | 209.00 | 250.00 | OK | |
r-patched-linux-x86_64 | 1.3.2 | 49.66 | 248.10 | 297.76 | OK | |
r-release-linux-x86_64 | 1.3.2 | 40.71 | 245.92 | 286.63 | OK | |
r-release-macos-arm64 | 1.3.2 | 86.00 | OK | |||
r-release-macos-x86_64 | 1.3.2 | 222.00 | OK | |||
r-release-windows-x86_64 | 1.3.2 | 50.00 | 257.00 | 307.00 | OK | |
r-oldrel-macos-arm64 | 1.3.2 | 85.00 | OK | |||
r-oldrel-windows-x86_64 | 1.3.2 | 49.00 | 238.00 | 287.00 | OK |
Version: 1.3.2
Check: Rd cross-references
Result: NOTE
Undeclared package ‘FCPS’ in Rd xrefs
Flavor: r-devel-linux-x86_64-fedora-clang