Last updated on 2024-07-17 20:56:57 CEST.
Flavor | Version | Tinstall | Tcheck | Ttotal | Status | Flags |
---|---|---|---|---|---|---|
r-devel-linux-x86_64-debian-clang | 1.3 | 9.16 | 82.97 | 92.13 | NOTE | |
r-devel-linux-x86_64-debian-gcc | 1.3 | 7.47 | 59.18 | 66.65 | NOTE | |
r-devel-linux-x86_64-fedora-clang | 1.3 | 113.59 | NOTE | |||
r-devel-linux-x86_64-fedora-gcc | 1.3 | 111.26 | NOTE | |||
r-devel-windows-x86_64 | 1.3 | 8.00 | 69.00 | 77.00 | NOTE | |
r-patched-linux-x86_64 | 1.3 | 9.17 | 78.70 | 87.87 | NOTE | |
r-release-linux-x86_64 | 1.3 | 7.83 | 80.22 | 88.05 | NOTE | |
r-release-macos-arm64 | 1.3 | 30.00 | NOTE | |||
r-release-macos-x86_64 | 1.3 | 44.00 | NOTE | |||
r-release-windows-x86_64 | 1.3 | 8.00 | 69.00 | 77.00 | NOTE | |
r-oldrel-macos-arm64 | 1.3 | 36.00 | NOTE | |||
r-oldrel-macos-x86_64 | 1.3 | 44.00 | NOTE | |||
r-oldrel-windows-x86_64 | 1.3 | 9.00 | 76.00 | 85.00 | NOTE |
Version: 1.3
Check: LazyData
Result: NOTE
'LazyData' is specified without a 'data' directory
Flavors: r-devel-linux-x86_64-debian-clang, r-devel-linux-x86_64-debian-gcc, r-devel-linux-x86_64-fedora-clang, r-devel-linux-x86_64-fedora-gcc, r-devel-windows-x86_64, r-patched-linux-x86_64, r-release-linux-x86_64, r-release-macos-arm64, r-release-macos-x86_64, r-release-windows-x86_64, r-oldrel-macos-arm64, r-oldrel-macos-x86_64, r-oldrel-windows-x86_64