Last updated on 2025-02-20 19:51:28 CET.
Flavor | Version | Tinstall | Tcheck | Ttotal | Status | Flags |
---|---|---|---|---|---|---|
r-devel-linux-x86_64-debian-clang | 0.2.21 | 4.84 | 41.41 | 46.25 | NOTE | |
r-devel-linux-x86_64-debian-gcc | 0.2.21 | 3.35 | 28.86 | 32.21 | NOTE | |
r-devel-linux-x86_64-fedora-clang | 0.2.21 | 72.31 | NOTE | |||
r-devel-linux-x86_64-fedora-gcc | 0.2.21 | 67.37 | NOTE | |||
r-devel-macos-arm64 | 0.2.21 | 25.00 | NOTE | |||
r-devel-macos-x86_64 | 0.2.21 | 44.00 | NOTE | |||
r-devel-windows-x86_64 | 0.2.21 | 7.00 | 61.00 | 68.00 | NOTE | |
r-patched-linux-x86_64 | 0.2.21 | 10.03 | 37.00 | 47.03 | NOTE | |
r-release-linux-x86_64 | 0.2.21 | 3.73 | 37.12 | 40.85 | NOTE | |
r-release-macos-arm64 | 0.2.21 | 23.00 | NOTE | |||
r-release-macos-x86_64 | 0.2.21 | 34.00 | NOTE | |||
r-release-windows-x86_64 | 0.2.21 | 7.00 | 60.00 | 67.00 | NOTE | |
r-oldrel-macos-arm64 | 0.2.21 | 24.00 | OK | |||
r-oldrel-macos-x86_64 | 0.2.21 | 38.00 | OK | |||
r-oldrel-windows-x86_64 | 0.2.21 | 8.00 | 99.00 | 107.00 | OK |
Version: 0.2.21
Check: Rd files
Result: NOTE
checkRd: (-1) StartEnd.Rd:31: Lost braces in \itemize; \value handles \item{}{} directly
checkRd: (-1) StartEnd.Rd:32: Lost braces in \itemize; \value handles \item{}{} directly
Flavors: r-devel-linux-x86_64-debian-clang, r-devel-linux-x86_64-debian-gcc, r-devel-linux-x86_64-fedora-clang, r-devel-linux-x86_64-fedora-gcc, r-devel-macos-arm64, r-devel-macos-x86_64, r-devel-windows-x86_64, r-patched-linux-x86_64, r-release-linux-x86_64, r-release-macos-arm64, r-release-macos-x86_64, r-release-windows-x86_64
Version: 0.2.21
Check: Rd cross-references
Result: NOTE
Found the following Rd file(s) with Rd \link{} targets missing package
anchors:
FillIn.Rd: data.table
slide.Rd: dplyr
slideMA.Rd: dplyr
Please provide package anchors for all Rd \link{} targets not in the
package itself and the base packages.
Flavors: r-devel-linux-x86_64-debian-clang, r-devel-linux-x86_64-debian-gcc, r-devel-windows-x86_64