Last updated on 2025-05-08 20:49:34 CEST.
Flavor | Version | Tinstall | Tcheck | Ttotal | Status | Flags |
---|---|---|---|---|---|---|
r-devel-linux-x86_64-debian-clang | 0.1 | 11.44 | 97.67 | 109.11 | NOTE | |
r-devel-linux-x86_64-debian-gcc | 0.1 | 7.99 | 66.82 | 74.81 | NOTE | |
r-devel-linux-x86_64-fedora-clang | 0.1 | 167.26 | OK | |||
r-devel-linux-x86_64-fedora-gcc | 0.1 | 168.47 | OK | |||
r-devel-windows-x86_64 | 0.1 | 13.00 | 97.00 | 110.00 | OK | |
r-patched-linux-x86_64 | 0.1 | 10.21 | 87.66 | 97.87 | OK | |
r-release-linux-x86_64 | 0.1 | 10.57 | 88.36 | 98.93 | OK | |
r-release-macos-arm64 | 0.1 | 58.00 | OK | |||
r-release-macos-x86_64 | 0.1 | 101.00 | OK | |||
r-release-windows-x86_64 | 0.1 | 12.00 | 98.00 | 110.00 | OK | |
r-oldrel-macos-arm64 | 0.1 | 51.00 | OK | |||
r-oldrel-macos-x86_64 | 0.1 | 80.00 | OK | |||
r-oldrel-windows-x86_64 | 0.1 | 16.00 | 129.00 | 145.00 | OK |
Version: 0.1
Check: CRAN incoming feasibility
Result: NOTE
Maintainer: ‘Xuechan Li <xuechanli0530@gmail.com>’
The Description field contains
<arXiv:1906.07757v2> and Li, Sung and Xie (2021) <arXiv:2103.11085v2>.
Please refer to arXiv e-prints via their arXiv DOI <doi:10.48550/arXiv.YYMM.NNNNN>.
Flavors: r-devel-linux-x86_64-debian-clang, r-devel-linux-x86_64-debian-gcc