CRAN Package Check Results for Package DWLasso

Last updated on 2022-09-28 21:51:35 CEST.

Flavor Version Tinstall Tcheck Ttotal Status Flags
r-devel-linux-x86_64-debian-clang 1.1 14.30 126.05 140.35 NOTE
r-devel-linux-x86_64-debian-gcc 1.1 11.45 90.91 102.36 NOTE
r-devel-linux-x86_64-fedora-clang 1.1 175.74 NOTE
r-devel-linux-x86_64-fedora-gcc 1.1 164.91 NOTE
r-devel-windows-x86_64 1.1 17.00 139.00 156.00 NOTE
r-patched-linux-x86_64 1.1 8.21 117.23 125.44 NOTE
r-release-linux-x86_64 1.1 8.08 115.10 123.18 NOTE
r-release-macos-arm64 1.1 44.00 NOTE
r-release-macos-x86_64 1.1 71.00 NOTE
r-release-windows-x86_64 1.1 15.00 142.00 157.00 NOTE
r-oldrel-macos-arm64 1.1 46.00 NOTE
r-oldrel-macos-x86_64 1.1 88.00 NOTE
r-oldrel-windows-ix86+x86_64 1.1 31.00 136.00 167.00 NOTE

Check Details

Version: 1.1
Check: LazyData
Result: NOTE
     'LazyData' is specified without a 'data' directory
Flavors: r-devel-linux-x86_64-debian-clang, r-devel-linux-x86_64-debian-gcc, r-devel-linux-x86_64-fedora-clang, r-devel-linux-x86_64-fedora-gcc, r-devel-windows-x86_64, r-patched-linux-x86_64, r-release-linux-x86_64, r-release-macos-arm64, r-release-macos-x86_64, r-release-windows-x86_64, r-oldrel-macos-arm64, r-oldrel-macos-x86_64, r-oldrel-windows-ix86+x86_64