Last updated on 2025-11-23 20:48:45 CET.
| Flavor | Version | Tinstall | Tcheck | Ttotal | Status | Flags |
|---|---|---|---|---|---|---|
| r-devel-linux-x86_64-debian-clang | 0.1.0 | 4.18 | 39.00 | 43.18 | NOTE | |
| r-devel-linux-x86_64-debian-gcc | 0.1.0 | 3.65 | 29.41 | 33.06 | NOTE | |
| r-devel-linux-x86_64-fedora-clang | 0.1.0 | 11.00 | 51.35 | 62.35 | OK | |
| r-devel-windows-x86_64 | 0.1.0 | 8.00 | 53.00 | 61.00 | OK | |
| r-patched-linux-x86_64 | 0.1.0 | 4.72 | 34.76 | 39.48 | OK | |
| r-release-linux-x86_64 | 0.1.0 | 4.29 | 34.64 | 38.93 | OK | |
| r-release-macos-arm64 | 0.1.0 | OK | ||||
| r-release-macos-x86_64 | 0.1.0 | 4.00 | 33.00 | 37.00 | OK | |
| r-release-windows-x86_64 | 0.1.0 | 8.00 | 62.00 | 70.00 | OK | |
| r-oldrel-macos-arm64 | 0.1.0 | NOTE | ||||
| r-oldrel-macos-x86_64 | 0.1.0 | 3.00 | 29.00 | 32.00 | NOTE | |
| r-oldrel-windows-x86_64 | 0.1.0 | 10.00 | 63.00 | 73.00 | NOTE |
Version: 0.1.0
Check: CRAN incoming feasibility
Result: NOTE
Maintainer: ‘Alberto Almuiña <albertogonzalezalmuinha@gmail.com>’
No Authors@R field in DESCRIPTION.
Please add one, modifying
Authors@R: person(given = "Alberto",
family = "Almuiña",
role = c("aut", "cre"),
email = "albertogonzalezalmuinha@gmail.com")
as necessary.
Flavors: r-devel-linux-x86_64-debian-clang, r-devel-linux-x86_64-debian-gcc
Version: 0.1.0
Check: LazyData
Result: NOTE
'LazyData' is specified without a 'data' directory
Flavors: r-oldrel-macos-arm64, r-oldrel-macos-x86_64, r-oldrel-windows-x86_64