Last updated on 2025-05-06 20:50:39 CEST.
Flavor | Version | Tinstall | Tcheck | Ttotal | Status | Flags |
---|---|---|---|---|---|---|
r-devel-linux-x86_64-debian-clang | 0.0.9 | 11.79 | 75.50 | 87.29 | NOTE | |
r-devel-linux-x86_64-debian-gcc | 0.0.9 | 6.63 | 51.18 | 57.81 | NOTE | |
r-devel-linux-x86_64-fedora-clang | 0.0.9 | 129.41 | NOTE | |||
r-devel-linux-x86_64-fedora-gcc | 0.0.9 | 120.87 | NOTE | |||
r-devel-windows-x86_64 | 0.0.9 | 12.00 | 91.00 | 103.00 | NOTE | |
r-patched-linux-x86_64 | 0.0.9 | 11.03 | 69.24 | 80.27 | NOTE | |
r-release-linux-x86_64 | 0.0.9 | 9.75 | 69.03 | 78.78 | NOTE | |
r-release-macos-arm64 | 0.0.9 | 39.00 | NOTE | |||
r-release-macos-x86_64 | 0.0.9 | 78.00 | NOTE | |||
r-release-windows-x86_64 | 0.0.9 | 13.00 | 96.00 | 109.00 | NOTE | |
r-oldrel-macos-arm64 | 0.0.9 | 38.00 | OK | |||
r-oldrel-macos-x86_64 | 0.0.9 | 62.00 | OK | |||
r-oldrel-windows-x86_64 | 0.0.9 | 17.00 | 114.00 | 131.00 | OK |
Version: 0.0.9
Check: CRAN incoming feasibility
Result: NOTE
Maintainer: ‘Phillip D. Alderman <phillip.alderman@okstate.edu>’
No Authors@R field in DESCRIPTION.
Please add one, modifying
Authors@R: person(given = c("Phillip", "D."),
family = "Alderman",
role = c("aut", "cre"),
email = "phillip.alderman@okstate.edu")
as necessary.
Flavors: r-devel-linux-x86_64-debian-clang, r-devel-linux-x86_64-debian-gcc
Version: 0.0.9
Check: DESCRIPTION meta-information
Result: NOTE
Missing dependency on R >= 4.1.0 because package code uses the pipe
|> or function shorthand \(...) syntax added in R 4.1.0.
File(s) using such syntax:
‘v_fmt_to_type.R’
Flavors: r-devel-linux-x86_64-debian-clang, r-devel-linux-x86_64-debian-gcc, r-devel-linux-x86_64-fedora-clang, r-devel-linux-x86_64-fedora-gcc, r-devel-windows-x86_64, r-patched-linux-x86_64, r-release-linux-x86_64, r-release-macos-arm64, r-release-macos-x86_64, r-release-windows-x86_64