Last updated on 2025-11-16 19:49:58 CET.
| Flavor | Version | Tinstall | Tcheck | Ttotal | Status | Flags |
|---|---|---|---|---|---|---|
| r-devel-linux-x86_64-debian-clang | 1.5.0 | 6.77 | 48.70 | 55.47 | OK | |
| r-devel-linux-x86_64-debian-gcc | 1.5.0 | 4.63 | 36.34 | 40.97 | NOTE | |
| r-devel-linux-x86_64-fedora-clang | 1.5.0 | 56.00 | 37.06 | 93.06 | OK | |
| r-devel-linux-x86_64-fedora-gcc | 1.5.0 | 23.00 | 61.19 | 84.19 | OK | |
| r-devel-windows-x86_64 | 1.5.0 | 9.00 | 68.00 | 77.00 | OK | |
| r-patched-linux-x86_64 | 1.5.0 | 7.07 | 44.50 | 51.57 | OK | |
| r-release-linux-x86_64 | 1.5.0 | 6.35 | 43.82 | 50.17 | OK | |
| r-release-macos-arm64 | 1.5.0 | 3.00 | 26.00 | 29.00 | OK | |
| r-release-macos-x86_64 | 1.5.0 | 6.00 | 47.00 | 53.00 | OK | |
| r-release-windows-x86_64 | 1.5.0 | 9.00 | 72.00 | 81.00 | OK | |
| r-oldrel-macos-arm64 | 1.5.0 | 4.00 | 34.00 | 38.00 | OK | |
| r-oldrel-macos-x86_64 | 1.5.0 | 6.00 | 54.00 | 60.00 | OK | |
| r-oldrel-windows-x86_64 | 1.5.0 | 11.00 | 81.00 | 92.00 | OK |
Version: 1.5.0
Check: CRAN incoming feasibility
Result: NOTE
Maintainer: ‘Yannick Marcon <yannick.marcon@obiba.org>’
The BugReports field in DESCRIPTION has
https://github.com/datashield/DSOpal/issues/
which should likely be
https://github.com/datashield/DSOpal/issues/issues
instead.
Flavor: r-devel-linux-x86_64-debian-gcc