Last updated on 2025-11-02 23:49:36 CET.
| Flavor | Version | Tinstall | Tcheck | Ttotal | Status | Flags |
|---|---|---|---|---|---|---|
| r-devel-linux-x86_64-debian-clang | 2.6-2 | 41.87 | 564.29 | 606.16 | OK | |
| r-devel-linux-x86_64-debian-gcc | 2.6-2 | 32.68 | 374.29 | 406.97 | OK | |
| r-devel-linux-x86_64-fedora-clang | 2.6-2 | 208.00 | 824.83 | 1032.83 | OK | |
| r-devel-linux-x86_64-fedora-gcc | 2.6-2 | 309.00 | 697.44 | 1006.44 | OK | |
| r-devel-windows-x86_64 | 2.6-2 | 37.00 | 474.00 | 511.00 | OK | |
| r-patched-linux-x86_64 | 2.6-2 | 0.38 | 2.00 | 2.38 | ERROR | |
| r-release-linux-x86_64 | 2.6-2 | 37.04 | 548.55 | 585.59 | OK | |
| r-release-macos-arm64 | 2.6-2 | 18.00 | 202.00 | 220.00 | OK | |
| r-release-macos-x86_64 | 2.6-2 | 37.00 | 437.00 | 474.00 | OK | |
| r-release-windows-x86_64 | 2.6-2 | 39.00 | 462.00 | 501.00 | OK | |
| r-oldrel-macos-arm64 | 2.6-2 | 17.00 | 188.00 | 205.00 | NOTE | |
| r-oldrel-macos-x86_64 | 2.6-2 | 36.00 | 296.00 | 332.00 | NOTE | |
| r-oldrel-windows-x86_64 | 2.6-2 | 55.00 | 644.00 | 699.00 | NOTE |
Version: 2.6-2
Check: package dependencies
Result: ERROR
Packages required but not available: 'DESeq2', 'SummarizedExperiment'
See section ‘The DESCRIPTION file’ in the ‘Writing R Extensions’
manual.
Flavor: r-patched-linux-x86_64
Version: 2.6-2
Check: installed package size
Result: NOTE
installed size is 5.7Mb
sub-directories of 1Mb or more:
doc 2.5Mb
Flavors: r-oldrel-macos-arm64, r-oldrel-macos-x86_64, r-oldrel-windows-x86_64