Last updated on 2025-11-03 21:50:18 CET.
| Flavor | Version | Tinstall | Tcheck | Ttotal | Status | Flags |
|---|---|---|---|---|---|---|
| r-devel-linux-x86_64-debian-clang | 0.0.4 | 7.29 | 205.13 | 212.42 | OK | |
| r-devel-linux-x86_64-debian-gcc | 0.0.4 | 6.51 | 129.39 | 135.90 | OK | |
| r-devel-linux-x86_64-fedora-clang | 0.0.4 | 21.00 | 309.21 | 330.21 | OK | |
| r-devel-linux-x86_64-fedora-gcc | 0.0.4 | 17.00 | 315.70 | 332.70 | OK | |
| r-devel-windows-x86_64 | 0.0.4 | 8.00 | 170.00 | 178.00 | OK | |
| r-patched-linux-x86_64 | 0.0.4 | 8.24 | 193.93 | 202.17 | OK | |
| r-release-linux-x86_64 | 0.0.4 | 7.82 | 195.59 | 203.41 | OK | |
| r-release-macos-arm64 | 0.0.4 | 4.00 | 96.00 | 100.00 | OK | |
| r-release-macos-x86_64 | 0.0.4 | 7.00 | 225.00 | 232.00 | OK | |
| r-release-windows-x86_64 | 0.0.4 | 8.00 | 169.00 | 177.00 | OK | |
| r-oldrel-macos-arm64 | 0.0.4 | 4.00 | 80.00 | 84.00 | NOTE | |
| r-oldrel-macos-x86_64 | 0.0.4 | 5.00 | 133.00 | 138.00 | NOTE | |
| r-oldrel-windows-x86_64 | 0.0.4 | 11.00 | 244.00 | 255.00 | NOTE |
Version: 0.0.4
Check: LazyData
Result: NOTE
'LazyData' is specified without a 'data' directory
Flavors: r-oldrel-macos-arm64, r-oldrel-macos-x86_64, r-oldrel-windows-x86_64