Last updated on 2024-03-28 19:48:29 CET.
Flavor | Version | Tinstall | Tcheck | Ttotal | Status | Flags |
---|---|---|---|---|---|---|
r-devel-linux-x86_64-debian-clang | 3.4 | 175.97 | 334.14 | 510.11 | OK | |
r-devel-linux-x86_64-debian-gcc | 3.4 | 128.34 | 249.66 | 378.00 | OK | |
r-devel-linux-x86_64-fedora-clang | 3.4 | 721.19 | OK | |||
r-devel-linux-x86_64-fedora-gcc | 3.4 | 737.93 | OK | |||
r-devel-windows-x86_64 | 3.4 | 128.00 | 246.00 | 374.00 | OK | |
r-patched-linux-x86_64 | 3.4 | 138.50 | 319.33 | 457.83 | OK | |
r-release-linux-x86_64 | 3.4 | 148.26 | 326.90 | 475.16 | OK | |
r-release-macos-arm64 | 3.4 | 163.00 | NOTE | |||
r-release-macos-x86_64 | 3.4 | 364.00 | NOTE | |||
r-release-windows-x86_64 | 3.4 | 115.00 | 335.00 | 450.00 | OK | |
r-oldrel-macos-arm64 | 3.4 | 147.00 | NOTE | |||
r-oldrel-windows-x86_64 | 3.4 | 160.00 | 318.00 | 478.00 | OK |
Version: 3.4
Check: installed package size
Result: NOTE
installed size is 9.6Mb
sub-directories of 1Mb or more:
data 1.6Mb
libs 7.7Mb
Flavors: r-release-macos-arm64, r-release-macos-x86_64, r-oldrel-macos-arm64