CRAN Package Check Results for Package DPtree

Last updated on 2022-10-06 21:49:51 CEST.

Flavor Version Tinstall Tcheck Ttotal Status Flags
r-devel-linux-x86_64-debian-clang 1.0.1 1.97 32.13 34.10 NOTE
r-devel-linux-x86_64-debian-gcc 1.0.1 1.77 25.02 26.79 NOTE
r-devel-linux-x86_64-fedora-clang 1.0.1 55.68 NOTE
r-devel-linux-x86_64-fedora-gcc 1.0.1 52.93 NOTE
r-devel-windows-x86_64 1.0.1 8.00 61.00 69.00 NOTE
r-patched-linux-x86_64 1.0.1 2.31 30.62 32.93 NOTE
r-release-linux-x86_64 1.0.1 1.57 29.79 31.36 NOTE
r-release-macos-arm64 1.0.1 19.00 NOTE
r-release-macos-x86_64 1.0.1 23.00 NOTE
r-release-windows-x86_64 1.0.1 12.00 59.00 71.00 NOTE
r-oldrel-macos-arm64 1.0.1 22.00 NOTE
r-oldrel-macos-x86_64 1.0.1 29.00 NOTE
r-oldrel-windows-ix86+x86_64 1.0.1 7.00 59.00 66.00 NOTE

Check Details

Version: 1.0.1
Check: LazyData
Result: NOTE
     'LazyData' is specified without a 'data' directory
Flavors: r-devel-linux-x86_64-debian-clang, r-devel-linux-x86_64-debian-gcc, r-devel-linux-x86_64-fedora-clang, r-devel-linux-x86_64-fedora-gcc, r-devel-windows-x86_64, r-patched-linux-x86_64, r-release-linux-x86_64, r-release-macos-arm64, r-release-macos-x86_64, r-release-windows-x86_64, r-oldrel-macos-arm64, r-oldrel-macos-x86_64, r-oldrel-windows-ix86+x86_64

Version: 1.0.1
Check: dependencies in R code
Result: NOTE
    Namespace in Imports field not imported from: ‘MASS’
     All declared Imports should be used.
Flavors: r-devel-linux-x86_64-fedora-clang, r-devel-linux-x86_64-fedora-gcc, r-release-macos-arm64, r-release-macos-x86_64, r-oldrel-macos-arm64, r-oldrel-macos-x86_64