CRAN Package Check Results for Package DPP

Last updated on 2022-10-05 21:53:32 CEST.

Flavor Version Tinstall Tcheck Ttotal Status Flags
r-devel-linux-x86_64-debian-clang 0.1.2 49.85 57.69 107.54 OK
r-devel-linux-x86_64-debian-gcc 0.1.2 45.54 43.55 89.09 OK
r-devel-linux-x86_64-fedora-clang 0.1.2 164.77 OK
r-devel-linux-x86_64-fedora-gcc 0.1.2 154.81 OK
r-devel-windows-x86_64 0.1.2 47.00 102.00 149.00 OK
r-patched-linux-x86_64 0.1.2 47.07 56.75 103.82 OK
r-release-linux-x86_64 0.1.2 46.32 55.48 101.80 OK
r-release-macos-arm64 0.1.2 40.00 NOTE
r-release-macos-x86_64 0.1.2 54.00 NOTE
r-release-windows-x86_64 0.1.2 46.00 107.00 153.00 OK
r-oldrel-macos-arm64 0.1.2 46.00 NOTE
r-oldrel-macos-x86_64 0.1.2 83.00 NOTE
r-oldrel-windows-ix86+x86_64 0.1.2 127.00 121.00 248.00 OK

Check Details

Version: 0.1.2
Check: installed package size
Result: NOTE
     installed size is 6.1Mb
     sub-directories of 1Mb or more:
     libs 5.5Mb
Flavors: r-release-macos-arm64, r-release-macos-x86_64, r-oldrel-macos-arm64, r-oldrel-macos-x86_64