CRAN Package Check Results for Package DPP

Last updated on 2023-10-04 20:42:25 CEST.

Flavor Version Tinstall Tcheck Ttotal Status Flags
r-devel-linux-x86_64-debian-clang 0.1.2 56.16 56.47 112.63 OK
r-devel-linux-x86_64-debian-gcc 0.1.2 44.37 43.09 87.46 OK
r-devel-linux-x86_64-fedora-clang 0.1.2 161.71 OK
r-devel-linux-x86_64-fedora-gcc 0.1.2 171.74 OK
r-devel-windows-x86_64 0.1.2 42.00 78.00 120.00 OK
r-patched-linux-x86_64 0.1.2 60.20 54.42 114.62 OK
r-release-linux-x86_64 0.1.2 55.29 54.73 110.02 OK
r-release-macos-arm64 0.1.2 49.00 NOTE
r-release-macos-x86_64 0.1.2 84.00 NOTE
r-release-windows-x86_64 0.1.2 60.00 92.00 152.00 OK
r-oldrel-macos-arm64 0.1.2 47.00 NOTE
r-oldrel-macos-x86_64 0.1.2 54.00 NOTE
r-oldrel-windows-x86_64 0.1.2 66.00 94.00 160.00 OK

Check Details

Version: 0.1.2
Check: installed package size
Result: NOTE
     installed size is 6.8Mb
     sub-directories of 1Mb or more:
     libs 6.3Mb
Flavors: r-release-macos-arm64, r-release-macos-x86_64, r-oldrel-macos-arm64, r-oldrel-macos-x86_64