Last updated on 2024-04-17 20:57:32 CEST.
Flavor | Version | Tinstall | Tcheck | Ttotal | Status | Flags |
---|---|---|---|---|---|---|
r-devel-linux-x86_64-debian-clang | 0.0.2 | 10.48 | 66.83 | 77.31 | NOTE | |
r-devel-linux-x86_64-debian-gcc | 0.0.2 | 6.74 | 49.21 | 55.95 | NOTE | |
r-devel-linux-x86_64-fedora-clang | 0.0.2 | 94.70 | NOTE | |||
r-devel-linux-x86_64-fedora-gcc | 0.0.2 | 88.48 | NOTE | |||
r-prerel-macos-arm64 | 0.0.2 | 33.00 | NOTE | |||
r-prerel-windows-x86_64 | 0.0.2 | 9.00 | 70.00 | 79.00 | NOTE | |
r-patched-linux-x86_64 | 0.0.2 | 10.21 | 62.54 | 72.75 | NOTE | |
r-release-linux-x86_64 | 0.0.2 | 11.50 | 61.93 | 73.43 | OK | |
r-release-macos-arm64 | 0.0.2 | 34.00 | OK | |||
r-release-macos-x86_64 | 0.0.2 | 48.00 | OK | |||
r-release-windows-x86_64 | 0.0.2 | 14.00 | 82.00 | 96.00 | OK | |
r-oldrel-macos-arm64 | 0.0.2 | 32.00 | OK | |||
r-oldrel-windows-x86_64 | 0.0.2 | 15.00 | 88.00 | 103.00 | OK |
Version: 0.0.2
Check: Rd files
Result: NOTE
checkRd: (-1) outliers.ranking.Rd:142: Lost braces; missing escapes or markup?
142 | max ( 0, ( |g_{y,i}| - |g_{x,i}| ) / ( |g_{y,i}| + |g_{x,i}| ) ),
| ^
checkRd: (-1) outliers.ranking.Rd:142: Lost braces; missing escapes or markup?
142 | max ( 0, ( |g_{y,i}| - |g_{x,i}| ) / ( |g_{y,i}| + |g_{x,i}| ) ),
| ^
checkRd: (-1) outliers.ranking.Rd:142: Lost braces; missing escapes or markup?
142 | max ( 0, ( |g_{y,i}| - |g_{x,i}| ) / ( |g_{y,i}| + |g_{x,i}| ) ),
| ^
checkRd: (-1) outliers.ranking.Rd:142: Lost braces; missing escapes or markup?
142 | max ( 0, ( |g_{y,i}| - |g_{x,i}| ) / ( |g_{y,i}| + |g_{x,i}| ) ),
| ^
checkRd: (-1) outliers.ranking.Rd:143: Lost braces; missing escapes or markup?
143 | where g_{y,i} and g_{x,i} are the two groups involved in the merge at
| ^
checkRd: (-1) outliers.ranking.Rd:143: Lost braces; missing escapes or markup?
143 | where g_{y,i} and g_{x,i} are the two groups involved in the merge at
| ^
checkRd: (-1) outliers.ranking.Rd:144: Lost braces; missing escapes or markup?
144 | step i, and g_{x,i} is the group which X belongs to. Note that if X
| ^
Flavors: r-devel-linux-x86_64-debian-clang, r-devel-linux-x86_64-debian-gcc, r-devel-linux-x86_64-fedora-clang, r-devel-linux-x86_64-fedora-gcc, r-prerel-macos-arm64, r-prerel-windows-x86_64, r-patched-linux-x86_64