Last updated on 2023-06-08 21:52:05 CEST.
Flavor | Version | Tinstall | Tcheck | Ttotal | Status | Flags |
---|---|---|---|---|---|---|
r-devel-linux-x86_64-debian-clang | 2.0.2 | 46.63 | 146.70 | 193.33 | NOTE | |
r-devel-linux-x86_64-debian-gcc | 2.0.2 | 37.48 | 109.99 | 147.47 | NOTE | |
r-devel-linux-x86_64-fedora-clang | 2.0.2 | 256.23 | NOTE | |||
r-devel-linux-x86_64-fedora-gcc | 2.0.2 | 241.41 | NOTE | |||
r-devel-windows-x86_64 | 2.0.2 | 39.00 | 194.00 | 233.00 | NOTE | |
r-patched-linux-x86_64 | 2.0.2 | 32.34 | 135.74 | 168.08 | NOTE | |
r-release-linux-x86_64 | 2.0.2 | 37.34 | 138.54 | 175.88 | NOTE | |
r-release-macos-arm64 | 2.0.2 | 118.00 | NOTE | |||
r-release-macos-x86_64 | 2.0.2 | 138.00 | NOTE | |||
r-release-windows-x86_64 | 2.0.2 | 48.00 | 238.00 | 286.00 | NOTE | |
r-oldrel-macos-arm64 | 2.0.2 | 105.00 | OK | |||
r-oldrel-macos-x86_64 | 2.0.2 | 164.00 | OK | |||
r-oldrel-windows-x86_64 | 2.0.2 | 49.00 | 225.00 | 274.00 | OK |
Version: 2.0.2
Check: C++ specification
Result: NOTE
Specified C++11: please drop specification unless essential
Flavors: r-devel-linux-x86_64-debian-clang, r-devel-linux-x86_64-debian-gcc, r-devel-linux-x86_64-fedora-clang, r-devel-linux-x86_64-fedora-gcc, r-devel-windows-x86_64, r-patched-linux-x86_64, r-release-linux-x86_64, r-release-macos-arm64, r-release-macos-x86_64, r-release-windows-x86_64