CRAN Package Check Results for Package DLMtool

Last updated on 2022-10-02 22:51:36 CEST.

Flavor Version Tinstall Tcheck Ttotal Status Flags
r-devel-linux-x86_64-debian-clang 6.0.6 98.98 130.21 229.19 NOTE
r-devel-linux-x86_64-debian-gcc 6.0.6 80.55 93.28 173.83 NOTE
r-devel-linux-x86_64-fedora-clang 6.0.6 307.47 NOTE
r-devel-linux-x86_64-fedora-gcc 6.0.6 296.74 NOTE
r-devel-windows-x86_64 6.0.6 95.00 215.00 310.00 NOTE --no-vignettes
r-patched-linux-x86_64 6.0.6 62.74 116.68 179.42 OK
r-release-linux-x86_64 6.0.6 61.07 116.45 177.52 OK
r-release-macos-arm64 6.0.6 72.00 NOTE
r-release-macos-x86_64 6.0.6 101.00 NOTE
r-release-windows-x86_64 6.0.6 79.00 158.00 237.00 NOTE --no-vignettes
r-oldrel-macos-arm64 6.0.6 72.00 NOTE
r-oldrel-macos-x86_64 6.0.6 99.00 NOTE
r-oldrel-windows-ix86+x86_64 6.0.6 203.00 232.00 435.00 NOTE --no-vignettes

Check Details

Version: 6.0.6
Check: package subdirectories
Result: NOTE
    Problems with news in 'NEWS.md':
     Cannot extract version info from the following section titles:
     Changes to previous versions
     Minor changes
     Fixes
     Previous Versions
Flavors: r-devel-linux-x86_64-debian-clang, r-devel-linux-x86_64-debian-gcc, r-devel-linux-x86_64-fedora-clang, r-devel-linux-x86_64-fedora-gcc

Version: 6.0.6
Flags: --no-vignettes
Check: installed package size
Result: NOTE
     installed size is 14.2Mb
     sub-directories of 1Mb or more:
     libs 13.5Mb
Flavors: r-devel-windows-x86_64, r-release-windows-x86_64, r-oldrel-windows-ix86+x86_64

Version: 6.0.6
Flags: --no-vignettes
Check: package subdirectories
Result: NOTE
    Problems with news in 'NEWS.md':
     Cannot extract version info from the following section titles:
     Changes to previous versions
     Minor changes
     Fixes
     Previous Versions
Flavor: r-devel-windows-x86_64

Version: 6.0.6
Check: installed package size
Result: NOTE
     installed size is 34.2Mb
     sub-directories of 1Mb or more:
     libs 33.5Mb
Flavors: r-release-macos-arm64, r-release-macos-x86_64, r-oldrel-macos-arm64, r-oldrel-macos-x86_64