CRAN Package Check Results for Package DLL

Last updated on 2022-09-26 21:52:55 CEST.

Flavor Version Tinstall Tcheck Ttotal Status Flags
r-devel-linux-x86_64-debian-clang 1.0.0 9.38 78.59 87.97 OK
r-devel-linux-x86_64-debian-gcc 1.0.0 6.69 59.85 66.54 OK
r-devel-linux-x86_64-fedora-clang 1.0.0 117.36 NOTE
r-devel-linux-x86_64-fedora-gcc 1.0.0 113.74 NOTE
r-devel-windows-x86_64 1.0.0 11.00 93.00 104.00 OK
r-patched-linux-x86_64 1.0.0 7.35 75.43 82.78 OK
r-release-linux-x86_64 1.0.0 7.61 76.26 83.87 OK
r-release-macos-arm64 1.0.0 32.00 NOTE
r-release-macos-x86_64 1.0.0 47.00 NOTE
r-release-windows-x86_64 1.0.0 11.00 100.00 111.00 OK
r-oldrel-macos-arm64 1.0.0 30.00 NOTE
r-oldrel-macos-x86_64 1.0.0 45.00 NOTE
r-oldrel-windows-ix86+x86_64 1.0.0 18.00 97.00 115.00 OK

Check Details

Version: 1.0.0
Check: dependencies in R code
Result: NOTE
    Namespace in Imports field not imported from: ‘MASS’
     All declared Imports should be used.
Flavors: r-devel-linux-x86_64-fedora-clang, r-devel-linux-x86_64-fedora-gcc, r-release-macos-arm64, r-release-macos-x86_64, r-oldrel-macos-arm64, r-oldrel-macos-x86_64