CRAN Package Check Results for Package DIRECT

Last updated on 2022-09-27 21:53:47 CEST.

Flavor Version Tinstall Tcheck Ttotal Status Flags
r-devel-linux-x86_64-debian-clang 1.0.1 5.50 31.72 37.22 OK
r-devel-linux-x86_64-debian-gcc 1.0.1 3.39 23.99 27.38 OK
r-devel-linux-x86_64-fedora-clang 1.0.1 56.97 NOTE
r-devel-linux-x86_64-fedora-gcc 1.0.1 53.34 NOTE
r-devel-windows-x86_64 1.0.1 24.00 71.00 95.00 OK
r-patched-linux-x86_64 1.0.1 4.50 29.82 34.32 OK
r-release-linux-x86_64 1.0.1 3.56 29.55 33.11 OK
r-release-macos-arm64 1.0.1 18.00 OK
r-release-macos-x86_64 1.0.1 25.00 OK
r-release-windows-x86_64 1.0.1 16.00 61.00 77.00 OK
r-oldrel-macos-arm64 1.0.1 24.00 OK
r-oldrel-macos-x86_64 1.0.1 36.00 OK
r-oldrel-windows-ix86+x86_64 1.0.1 12.00 51.00 63.00 OK

Check Details

Version: 1.0.1
Check: compiled code
Result: NOTE
    File ‘DIRECT/libs/DIRECT.so’:
     Found no calls to: ‘R_registerRoutines’, ‘R_useDynamicSymbols’
    
    It is good practice to register native routines and to disable symbol
    search.
    
    See ‘Writing portable packages’ in the ‘Writing R Extensions’ manual.
Flavors: r-devel-linux-x86_64-fedora-clang, r-devel-linux-x86_64-fedora-gcc