CRAN Package Check Results for Package DIDmultiplegt

Last updated on 2022-12-04 20:53:22 CET.

Flavor Version Tinstall Tcheck Ttotal Status Flags
r-devel-linux-x86_64-debian-clang 0.1.0 6.92 207.30 214.22 NOTE
r-devel-linux-x86_64-debian-gcc 0.1.0 5.65 147.69 153.34 NOTE
r-devel-linux-x86_64-fedora-clang 0.1.0 279.82 NOTE
r-devel-linux-x86_64-fedora-gcc 0.1.0 253.05 NOTE
r-devel-windows-x86_64 0.1.0 26.00 221.00 247.00 NOTE
r-patched-linux-x86_64 0.1.0 6.97 190.59 197.56 NOTE
r-release-linux-x86_64 0.1.0 6.60 190.95 197.55 NOTE
r-release-macos-arm64 0.1.0 48.00 NOTE
r-release-macos-x86_64 0.1.0 107.00 NOTE
r-release-windows-x86_64 0.1.0 20.00 230.00 250.00 NOTE
r-oldrel-macos-arm64 0.1.0 58.00 NOTE
r-oldrel-macos-x86_64 0.1.0 103.00 NOTE
r-oldrel-windows-ix86+x86_64 0.1.0 18.00 243.00 261.00 NOTE

Check Details

Version: 0.1.0
Check: LazyData
Result: NOTE
     'LazyData' is specified without a 'data' directory
Flavors: r-devel-linux-x86_64-debian-clang, r-devel-linux-x86_64-debian-gcc, r-devel-linux-x86_64-fedora-clang, r-devel-linux-x86_64-fedora-gcc, r-devel-windows-x86_64, r-patched-linux-x86_64, r-release-linux-x86_64, r-release-macos-arm64, r-release-macos-x86_64, r-release-windows-x86_64, r-oldrel-macos-arm64, r-oldrel-macos-x86_64, r-oldrel-windows-ix86+x86_64