Last updated on 2025-05-06 20:50:38 CEST.
Flavor | Version | Tinstall | Tcheck | Ttotal | Status | Flags |
---|---|---|---|---|---|---|
r-devel-linux-x86_64-debian-clang | 1.1 | 5.11 | 50.30 | 55.41 | NOTE | |
r-devel-linux-x86_64-debian-gcc | 1.1 | 3.81 | 36.37 | 40.18 | NOTE | |
r-devel-linux-x86_64-fedora-clang | 1.1 | 76.04 | OK | |||
r-devel-linux-x86_64-fedora-gcc | 1.1 | 80.23 | OK | |||
r-devel-windows-x86_64 | 1.1 | 8.00 | 69.00 | 77.00 | OK | |
r-patched-linux-x86_64 | 1.1 | 5.69 | 45.99 | 51.68 | OK | |
r-release-linux-x86_64 | 1.1 | 4.73 | 47.00 | 51.73 | OK | |
r-release-macos-arm64 | 1.1 | 30.00 | OK | |||
r-release-macos-x86_64 | 1.1 | 45.00 | OK | |||
r-release-windows-x86_64 | 1.1 | 6.00 | 69.00 | 75.00 | OK | |
r-oldrel-macos-arm64 | 1.1 | 29.00 | OK | |||
r-oldrel-macos-x86_64 | 1.1 | 62.00 | OK | |||
r-oldrel-windows-x86_64 | 1.1 | 9.00 | 81.00 | 90.00 | OK |
Version: 1.1
Check: CRAN incoming feasibility
Result: NOTE
Maintainer: ‘Thomas Lumley <t.lumley@auckland.ac.nz>’
No Authors@R field in DESCRIPTION.
Please add one, modifying
Authors@R: person(given = "Thomas",
family = "Lumley",
role = c("aut", "cre"),
email = "t.lumley@auckland.ac.nz")
as necessary.
The Description field contains
or Regional Councils. The preprint Lumley (2019) <arXiv:1912.04435> is
Please refer to arXiv e-prints via their arXiv DOI <doi:10.48550/arXiv.YYMM.NNNNN>.
Flavors: r-devel-linux-x86_64-debian-clang, r-devel-linux-x86_64-debian-gcc