Last updated on 2023-03-21 19:57:09 CET.
Flavor | Version | Tinstall | Tcheck | Ttotal | Status | Flags |
---|---|---|---|---|---|---|
r-devel-linux-x86_64-debian-clang | 1.0.0 | 14.51 | 121.11 | 135.62 | OK | |
r-devel-linux-x86_64-debian-gcc | 1.0.0 | 11.08 | 90.60 | 101.68 | OK | |
r-devel-linux-x86_64-fedora-clang | 1.0.0 | 177.39 | NOTE | |||
r-devel-linux-x86_64-fedora-gcc | 1.0.0 | 171.45 | NOTE | |||
r-devel-windows-x86_64 | 1.0.0 | 25.00 | 147.00 | 172.00 | OK | |
r-patched-linux-x86_64 | 1.0.0 | 13.10 | 113.07 | 126.17 | OK | |
r-release-linux-x86_64 | 1.0.0 | 10.86 | 113.29 | 124.15 | OK | |
r-release-macos-arm64 | 1.0.0 | 54.00 | NOTE | |||
r-release-macos-x86_64 | 1.0.0 | 67.00 | NOTE | |||
r-release-windows-x86_64 | 1.0.0 | 19.00 | 150.00 | 169.00 | OK | |
r-oldrel-macos-arm64 | 1.0.0 | 44.00 | NOTE | |||
r-oldrel-macos-x86_64 | 1.0.0 | 69.00 | NOTE | |||
r-oldrel-windows-ix86+x86_64 | 1.0.0 | 36.00 | 138.00 | 174.00 | OK |
Version: 1.0.0
Check: package dependencies
Result: NOTE
Imports includes 24 non-default packages.
Importing from so many packages makes the package vulnerable to any of
them becoming unavailable. Move as many as possible to Suggests and
use conditionally.
Flavor: r-devel-linux-x86_64-fedora-clang
Version: 1.0.0
Check: dependencies in R code
Result: NOTE
Namespaces in Imports field not imported from:
‘bslib’ ‘knitr’ ‘matrixStats’ ‘rmarkdown’ ‘shinythemes’ ‘tidyverse’
All declared Imports should be used.
Flavors: r-devel-linux-x86_64-fedora-clang, r-devel-linux-x86_64-fedora-gcc, r-release-macos-arm64, r-release-macos-x86_64, r-oldrel-macos-arm64, r-oldrel-macos-x86_64