Last updated on 2024-03-28 19:48:29 CET.
Flavor | Version | Tinstall | Tcheck | Ttotal | Status | Flags |
---|---|---|---|---|---|---|
r-devel-linux-x86_64-debian-clang | 0.1.1 | 4.74 | 26.80 | 31.54 | NOTE | |
r-devel-linux-x86_64-debian-gcc | 0.1.1 | 5.57 | 20.77 | 26.34 | NOTE | |
r-devel-linux-x86_64-fedora-clang | 0.1.1 | 41.73 | NOTE | |||
r-devel-linux-x86_64-fedora-gcc | 0.1.1 | 43.16 | NOTE | |||
r-devel-windows-x86_64 | 0.1.1 | 7.00 | 49.00 | 56.00 | NOTE | |
r-patched-linux-x86_64 | 0.1.1 | 5.68 | 26.10 | 31.78 | NOTE | |
r-release-linux-x86_64 | 0.1.1 | 7.51 | 26.44 | 33.95 | NOTE | |
r-release-macos-arm64 | 0.1.1 | 20.00 | NOTE | |||
r-release-macos-x86_64 | 0.1.1 | 28.00 | NOTE | |||
r-release-windows-x86_64 | 0.1.1 | 9.00 | 51.00 | 60.00 | NOTE | |
r-oldrel-macos-arm64 | 0.1.1 | 24.00 | NOTE | |||
r-oldrel-windows-x86_64 | 0.1.1 | 9.00 | 53.00 | 62.00 | NOTE |
Version: 0.1.1
Check: LazyData
Result: NOTE
'LazyData' is specified without a 'data' directory
Flavors: r-devel-linux-x86_64-debian-clang, r-devel-linux-x86_64-debian-gcc, r-devel-linux-x86_64-fedora-clang, r-devel-linux-x86_64-fedora-gcc, r-devel-windows-x86_64, r-patched-linux-x86_64, r-release-linux-x86_64, r-release-macos-arm64, r-release-macos-x86_64, r-release-windows-x86_64, r-oldrel-macos-arm64, r-oldrel-windows-x86_64
Version: 0.1.1
Check: installed package size
Result: NOTE
installed size is 5.6Mb
sub-directories of 1Mb or more:
libs 5.4Mb
Flavor: r-devel-linux-x86_64-fedora-clang