Last updated on 2025-11-02 23:49:34 CET.
| Flavor | Version | Tinstall | Tcheck | Ttotal | Status | Flags | 
|---|---|---|---|---|---|---|
| r-devel-linux-x86_64-debian-clang | 0.0.1.2 | 1.39 | 19.63 | 21.02 | NOTE | |
| r-devel-linux-x86_64-debian-gcc | 0.0.1.2 | 1.44 | 15.93 | 17.37 | NOTE | |
| r-devel-linux-x86_64-fedora-clang | 0.0.1.2 | 11.00 | 23.60 | 34.60 | OK | |
| r-devel-linux-x86_64-fedora-gcc | 0.0.1.2 | 30.18 | OK | |||
| r-devel-windows-x86_64 | 0.0.1.2 | 4.00 | 38.00 | 42.00 | OK | |
| r-patched-linux-x86_64 | 0.0.1.2 | 1.82 | 18.58 | 20.40 | OK | |
| r-release-linux-x86_64 | 0.0.1.2 | 1.78 | 18.63 | 20.41 | OK | |
| r-release-macos-arm64 | 0.0.1.2 | 1.00 | 14.00 | 15.00 | OK | |
| r-release-macos-x86_64 | 0.0.1.2 | 2.00 | 21.00 | 23.00 | OK | |
| r-release-windows-x86_64 | 0.0.1.2 | 3.00 | 38.00 | 41.00 | OK | |
| r-oldrel-macos-arm64 | 0.0.1.2 | 1.00 | 13.00 | 14.00 | OK | |
| r-oldrel-macos-x86_64 | 0.0.1.2 | 2.00 | 19.00 | 21.00 | OK | |
| r-oldrel-windows-x86_64 | 0.0.1.2 | 3.00 | 43.00 | 46.00 | OK | 
Version: 0.0.1.2
Check: CRAN incoming feasibility
Result: NOTE
  Maintainer: ‘Dorota Desaulle <dorota.desaulle@u-paris.fr>’
  
  The Description field contains
    <arXiv:2103.09872>).
  Please refer to arXiv e-prints via their arXiv DOI <doi:10.48550/arXiv.YYMM.NNNNN>.
Flavors: r-devel-linux-x86_64-debian-clang, r-devel-linux-x86_64-debian-gcc