Last updated on 2025-02-06 19:49:21 CET.
Flavor | Version | Tinstall | Tcheck | Ttotal | Status | Flags |
---|---|---|---|---|---|---|
r-devel-linux-x86_64-debian-clang | 4.4.1 | 127.94 | 473.72 | 601.66 | NOTE | |
r-devel-linux-x86_64-debian-gcc | 4.5.0 | 79.77 | 264.58 | 344.35 | OK | |
r-devel-linux-x86_64-fedora-clang | 4.5.0 | 1016.24 | OK | |||
r-devel-linux-x86_64-fedora-gcc | 4.5.0 | 1070.31 | OK | |||
r-devel-windows-x86_64 | 4.4.1 | 97.00 | 439.00 | 536.00 | NOTE | |
r-patched-linux-x86_64 | 4.4.1 | 122.21 | 427.45 | 549.66 | OK | |
r-release-linux-x86_64 | 4.4.1 | 119.88 | 438.96 | 558.84 | OK | |
r-release-macos-arm64 | 4.5.0 | 262.00 | NOTE | |||
r-release-macos-x86_64 | 4.5.0 | 602.00 | NOTE | |||
r-release-windows-x86_64 | 4.5.0 | 91.00 | 425.00 | 516.00 | NOTE | |
r-oldrel-macos-arm64 | 4.4.1 | 270.00 | NOTE | |||
r-oldrel-macos-x86_64 | 4.4.1 | 579.00 | NOTE | |||
r-oldrel-windows-x86_64 | 4.4.1 | 114.00 | 636.00 | 750.00 | NOTE |
Version: 4.4.1
Check: Rd cross-references
Result: NOTE
Found the following Rd file(s) with Rd \link{} targets missing package
anchors:
DAISIE_ML.Rd: deSolve
DAISIE_ML1.Rd: deSolve
DAISIE_ML2.Rd: deSolve
DAISIE_ML4.Rd: deSolve
DAISIE_ML_IW.Rd: deSolve
DAISIE_loglik_integrand.Rd: deSolve
DAISIE_loglik_integrate.Rd: deSolve
default_params_doc.Rd: deSolve
Please provide package anchors for all Rd \link{} targets not in the
package itself and the base packages.
Flavors: r-devel-linux-x86_64-debian-clang, r-devel-windows-x86_64
Version: 4.5.0
Check: installed package size
Result: NOTE
installed size is 36.3Mb
sub-directories of 1Mb or more:
libs 34.1Mb
Flavors: r-release-macos-arm64, r-release-macos-x86_64
Version: 4.5.0
Check: package dependencies
Result: NOTE
Package which this enhances but not available for checking: 'doMC'
Flavor: r-release-windows-x86_64
Version: 4.4.1
Check: installed package size
Result: NOTE
installed size is 29.3Mb
sub-directories of 1Mb or more:
libs 27.3Mb
Flavors: r-oldrel-macos-arm64, r-oldrel-macos-x86_64
Version: 4.4.1
Check: package dependencies
Result: NOTE
Package which this enhances but not available for checking: 'doMC'
Flavor: r-oldrel-windows-x86_64