Last updated on 2024-04-18 21:56:48 CEST.
Flavor | Version | Tinstall | Tcheck | Ttotal | Status | Flags |
---|---|---|---|---|---|---|
r-devel-linux-x86_64-debian-clang | 4.4.1 | 183.17 | 671.89 | 855.06 | WARN | |
r-devel-linux-x86_64-debian-gcc | 4.4.1 | 121.78 | 503.40 | 625.18 | OK | |
r-devel-linux-x86_64-fedora-clang | 4.4.1 | 977.75 | OK | |||
r-devel-linux-x86_64-fedora-gcc | 4.4.1 | 1021.85 | OK | |||
r-prerel-macos-arm64 | 4.4.1 | 216.00 | NOTE | |||
r-prerel-windows-x86_64 | 4.4.1 | 110.00 | 399.00 | 509.00 | NOTE | |
r-patched-linux-x86_64 | 4.4.1 | 155.80 | 617.01 | 772.81 | OK | |
r-release-linux-x86_64 | 4.4.1 | 143.17 | 574.18 | 717.35 | OK | |
r-release-macos-arm64 | 4.4.1 | 270.00 | NOTE | |||
r-release-macos-x86_64 | 4.4.1 | 579.00 | NOTE | |||
r-release-windows-x86_64 | 4.4.1 | 132.00 | 600.00 | 732.00 | NOTE | |
r-oldrel-macos-arm64 | 4.4.1 | 253.00 | NOTE | |||
r-oldrel-windows-x86_64 | 4.4.1 | 130.00 | 620.00 | 750.00 | NOTE |
Version: 4.4.1
Check: whether package can be installed
Result: WARN
Found the following significant warnings:
/usr/bin/../lib/gcc/x86_64-linux-gnu/14/../../../../include/c++/14/functional:558:2: warning: 'result_of<(lambda at /home/hornik/tmp/R.check/r-devel-clang/Work/build/Packages/RcppEigen/include/unsupported/Eigen/CXX11/src/Tensor/TensorContractionThreadPool.h:1373:13) &()>' is deprecated: use 'std::invoke_result' instead [-Wdeprecated-declarations]
/usr/bin/../lib/gcc/x86_64-linux-gnu/14/../../../../include/c++/14/functional:558:2: warning: 'result_of<(lambda at /home/hornik/tmp/R.check/r-devel-clang/Work/build/Packages/RcppEigen/include/unsupported/Eigen/CXX11/src/Tensor/TensorContractionThreadPool.h:1392:13) &()>' is deprecated: use 'std::invoke_result' instead [-Wdeprecated-declarations]
/usr/bin/../lib/gcc/x86_64-linux-gnu/14/../../../../include/c++/14/functional:558:2: warning: 'result_of<(lambda at /home/hornik/tmp/R.check/r-devel-clang/Work/build/Packages/RcppEigen/include/unsupported/Eigen/CXX11/src/Tensor/TensorContractionThreadPool.h:1009:13) &()>' is deprecated: use 'std::invoke_result' instead [-Wdeprecated-declarations]
/usr/bin/../lib/gcc/x86_64-linux-gnu/14/../../../../include/c++/14/functional:558:2: warning: 'result_of<(lambda at /home/hornik/tmp/R.check/r-devel-clang/Work/build/Packages/RcppEigen/include/unsupported/Eigen/CXX11/src/Tensor/TensorContractionThreadPool.h:1063:15) &()>' is deprecated: use 'std::invoke_result' instead [-Wdeprecated-declarations]
/usr/bin/../lib/gcc/x86_64-linux-gnu/14/../../../../include/c++/14/functional:558:2: warning: 'result_of<(lambda at /home/hornik/tmp/R.check/r-devel-clang/Work/build/Packages/RcppEigen/include/unsupported/Eigen/CXX11/src/Tensor/TensorContractionThreadPool.h:1082:15) &()>' is deprecated: use 'std::invoke_result' instead [-Wdeprecated-declarations]
See ‘/home/hornik/tmp/R.check/r-devel-clang/Work/PKGS/DAISIE.Rcheck/00install.out’ for details.
* used C compiler: ‘Debian clang version 18.1.0 (rc4-1)’
* used Fortran compiler: ‘Debian flang-new version 18.1.0 (rc4-1)’
* used C++ compiler: ‘Debian clang version 18.1.0 (rc4-1)’
Flavor: r-devel-linux-x86_64-debian-clang
Version: 4.4.1
Check: installed package size
Result: NOTE
installed size is 37.9Mb
sub-directories of 1Mb or more:
libs 35.9Mb
Flavors: r-prerel-macos-arm64, r-release-macos-arm64, r-release-macos-x86_64, r-oldrel-macos-arm64
Version: 4.4.1
Check: package dependencies
Result: NOTE
Package which this enhances but not available for checking: 'doMC'
Flavors: r-prerel-windows-x86_64, r-release-windows-x86_64, r-oldrel-windows-x86_64