CRAN Package Check Results for Package CustosAscensor

Last updated on 2022-10-02 22:51:35 CEST.

Flavor Version Tinstall Tcheck Ttotal Status Flags
r-devel-linux-x86_64-debian-clang 0.1.0 2.53 23.38 25.91 NOTE
r-devel-linux-x86_64-debian-gcc 0.1.0 2.08 18.69 20.77 NOTE
r-devel-linux-x86_64-fedora-clang 0.1.0 43.69 NOTE
r-devel-linux-x86_64-fedora-gcc 0.1.0 41.78 NOTE
r-devel-windows-x86_64 0.1.0 53.00 49.00 102.00 NOTE
r-patched-linux-x86_64 0.1.0 2.15 22.73 24.88 NOTE
r-release-linux-x86_64 0.1.0 2.14 22.43 24.57 NOTE
r-release-macos-arm64 0.1.0 14.00 NOTE
r-release-macos-x86_64 0.1.0 20.00 NOTE
r-release-windows-x86_64 0.1.0 9.00 45.00 54.00 NOTE
r-oldrel-macos-arm64 0.1.0 18.00 NOTE
r-oldrel-macos-x86_64 0.1.0 26.00 NOTE
r-oldrel-windows-ix86+x86_64 0.1.0 6.00 37.00 43.00 NOTE

Check Details

Version: 0.1.0
Check: LazyData
Result: NOTE
     'LazyData' is specified without a 'data' directory
Flavors: r-devel-linux-x86_64-debian-clang, r-devel-linux-x86_64-debian-gcc, r-devel-linux-x86_64-fedora-clang, r-devel-linux-x86_64-fedora-gcc, r-devel-windows-x86_64, r-patched-linux-x86_64, r-release-linux-x86_64, r-release-macos-arm64, r-release-macos-x86_64, r-release-windows-x86_64, r-oldrel-macos-arm64, r-oldrel-macos-x86_64, r-oldrel-windows-ix86+x86_64