Last updated on 2024-04-18 21:56:48 CEST.
Flavor | Version | Tinstall | Tcheck | Ttotal | Status | Flags |
---|---|---|---|---|---|---|
r-devel-linux-x86_64-debian-clang | 1.4.8 | 3.94 | 39.54 | 43.48 | OK | |
r-devel-linux-x86_64-debian-gcc | 1.4.8 | 3.66 | 29.84 | 33.50 | OK | |
r-devel-linux-x86_64-fedora-clang | 1.4.8 | 54.78 | NOTE | |||
r-devel-linux-x86_64-fedora-gcc | 1.4.8 | 51.29 | NOTE | |||
r-prerel-macos-arm64 | 1.4.8 | 24.00 | OK | |||
r-prerel-windows-x86_64 | 1.4.8 | 7.00 | 50.00 | 57.00 | OK | |
r-patched-linux-x86_64 | 1.4.8 | 2.68 | 36.98 | 39.66 | OK | |
r-release-linux-x86_64 | 1.4.8 | 2.69 | 37.57 | 40.26 | OK | |
r-release-macos-arm64 | 1.4.8 | 23.00 | OK | |||
r-release-macos-x86_64 | 1.4.8 | 29.00 | OK | |||
r-release-windows-x86_64 | 1.4.8 | 7.00 | 53.00 | 60.00 | OK | |
r-oldrel-macos-arm64 | 1.4.8 | 20.00 | NOTE | |||
r-oldrel-windows-x86_64 | 1.4.8 | 8.00 | 61.00 | 69.00 | OK |
Version: 1.4.8
Check: dependencies in R code
Result: NOTE
Namespaces in Imports field not imported from:
‘DT’ ‘dplyr’ ‘geosphere’ ‘mapdata’ ‘maps’ ‘marmap’ ‘shinydashboard’
‘shinyjs’ ‘stringr’ ‘swfscDAS’
All declared Imports should be used.
Flavors: r-devel-linux-x86_64-fedora-clang, r-devel-linux-x86_64-fedora-gcc, r-oldrel-macos-arm64