CRAN Package Check Results for Package CruzPlot

Last updated on 2022-10-04 21:53:37 CEST.

Flavor Version Tinstall Tcheck Ttotal Status Flags
r-devel-linux-x86_64-debian-clang 1.4.8 5.09 39.96 45.05 OK
r-devel-linux-x86_64-debian-gcc 1.4.8 3.00 31.18 34.18 OK
r-devel-linux-x86_64-fedora-clang 1.4.8 65.75 NOTE
r-devel-linux-x86_64-fedora-gcc 1.4.8 62.55 NOTE
r-devel-windows-x86_64 1.4.8 21.00 66.00 87.00 OK
r-patched-linux-x86_64 1.4.8 4.16 38.17 42.33 OK
r-release-linux-x86_64 1.4.8 3.75 38.41 42.16 OK
r-release-macos-arm64 1.4.8 20.00 NOTE
r-release-macos-x86_64 1.4.8 28.00 NOTE
r-release-windows-x86_64 1.4.8 10.00 69.00 79.00 OK
r-oldrel-macos-arm64 1.4.8 19.00 NOTE
r-oldrel-macos-x86_64 1.4.8 28.00 NOTE
r-oldrel-windows-ix86+x86_64 1.4.8 14.00 65.00 79.00 OK

Check Details

Version: 1.4.8
Check: dependencies in R code
Result: NOTE
    Namespaces in Imports field not imported from:
     ‘DT’ ‘dplyr’ ‘geosphere’ ‘mapdata’ ‘maps’ ‘marmap’ ‘shinydashboard’
     ‘shinyjs’ ‘stringr’ ‘swfscDAS’
     All declared Imports should be used.
Flavors: r-devel-linux-x86_64-fedora-clang, r-devel-linux-x86_64-fedora-gcc, r-release-macos-arm64, r-release-macos-x86_64, r-oldrel-macos-arm64, r-oldrel-macos-x86_64