Last updated on 2025-02-06 19:49:20 CET.
Flavor | Version | Tinstall | Tcheck | Ttotal | Status | Flags |
---|---|---|---|---|---|---|
r-devel-linux-x86_64-debian-clang | 1.1.0 | 40.38 | 558.63 | 599.01 | OK | |
r-devel-linux-x86_64-debian-gcc | 1.1.0 | 27.25 | 372.07 | 399.32 | OK | |
r-devel-linux-x86_64-fedora-clang | 1.1.1 | 1040.64 | OK | |||
r-devel-linux-x86_64-fedora-gcc | 1.1.1 | 996.81 | OK | |||
r-devel-windows-x86_64 | 1.1.0 | 42.00 | 463.00 | 505.00 | OK | |
r-patched-linux-x86_64 | 1.1.0 | 43.33 | 523.93 | 567.26 | OK | |
r-release-linux-x86_64 | 1.1.0 | 36.39 | 518.03 | 554.42 | OK | |
r-release-macos-arm64 | 1.1.0 | 172.00 | NOTE | |||
r-release-macos-x86_64 | 1.1.1 | 386.00 | NOTE | |||
r-release-windows-x86_64 | 1.1.0 | 39.00 | 449.00 | 488.00 | NOTE | |
r-oldrel-macos-arm64 | 1.0.2 | 120.00 | NOTE | |||
r-oldrel-macos-x86_64 | 1.0.2 | 225.00 | NOTE | |||
r-oldrel-windows-x86_64 | 1.1.0 | 43.00 | 602.00 | 645.00 | NOTE |
Version: 1.1.0
Check: installed package size
Result: NOTE
installed size is 5.5Mb
sub-directories of 1Mb or more:
data 1.2Mb
doc 2.8Mb
Flavors: r-release-macos-arm64, r-release-windows-x86_64, r-oldrel-windows-x86_64
Version: 1.1.1
Check: installed package size
Result: NOTE
installed size is 5.5Mb
sub-directories of 1Mb or more:
data 1.2Mb
doc 2.8Mb
Flavor: r-release-macos-x86_64
Version: 1.0.2
Check: installed package size
Result: NOTE
installed size is 5.4Mb
sub-directories of 1Mb or more:
data 1.2Mb
doc 2.9Mb
Flavors: r-oldrel-macos-arm64, r-oldrel-macos-x86_64