CRAN Package Check Results for Package CovCombR

Last updated on 2022-09-26 21:52:54 CEST.

Flavor Version Tinstall Tcheck Ttotal Status Flags
r-devel-linux-x86_64-debian-clang 1.0 7.93 286.62 294.55 NOTE
r-devel-linux-x86_64-debian-gcc 1.0 6.69 204.33 211.02 OK
r-devel-linux-x86_64-fedora-clang 1.0 349.58 OK
r-devel-linux-x86_64-fedora-gcc 1.0 379.76 OK
r-devel-windows-x86_64 1.0 18.00 293.00 311.00 OK
r-patched-linux-x86_64 1.0 8.36 263.74 272.10 OK
r-release-linux-x86_64 1.0 7.33 264.15 271.48 OK
r-release-macos-arm64 1.0 77.00 OK
r-release-macos-x86_64 1.0 133.00 OK
r-release-windows-x86_64 1.0 24.00 301.00 325.00 OK
r-oldrel-macos-arm64 1.0 84.00 OK
r-oldrel-macos-x86_64 1.0 170.00 OK
r-oldrel-windows-ix86+x86_64 1.0 17.00 94.00 111.00 OK

Check Details

Version: 1.0
Check: package dependencies
Result: NOTE
    Package suggested but not available for checking: 'spcov'
Flavor: r-devel-linux-x86_64-debian-clang