Last updated on 2024-03-28 19:48:28 CET.
Flavor | Version | Tinstall | Tcheck | Ttotal | Status | Flags |
---|---|---|---|---|---|---|
r-devel-linux-x86_64-debian-clang | 1.3.3 | 4.65 | 80.95 | 85.60 | OK | |
r-devel-linux-x86_64-debian-gcc | 1.3.3 | 3.25 | 60.33 | 63.58 | OK | |
r-devel-linux-x86_64-fedora-clang | 1.3.3 | 80.50 | NOTE | |||
r-devel-linux-x86_64-fedora-gcc | 1.3.3 | 90.18 | NOTE | |||
r-devel-windows-x86_64 | 1.3.3 | 4.00 | 80.00 | 84.00 | OK | |
r-patched-linux-x86_64 | 1.3.3 | 3.30 | 79.33 | 82.63 | OK | |
r-release-linux-x86_64 | 1.3.3 | 3.23 | 79.48 | 82.71 | OK | |
r-release-macos-arm64 | 1.3.3 | 33.00 | NOTE | |||
r-release-macos-x86_64 | 1.3.3 | 57.00 | NOTE | |||
r-release-windows-x86_64 | 1.3.3 | 6.00 | 90.00 | 96.00 | OK | |
r-oldrel-macos-arm64 | 1.3.3 | 34.00 | OK | |||
r-oldrel-windows-x86_64 | 1.3.3 | 5.00 | 91.00 | 96.00 | OK |
Version: 1.3.3
Check: package dependencies
Result: NOTE
Package suggested but not available for checking: ‘xcms’
Flavors: r-devel-linux-x86_64-fedora-clang, r-devel-linux-x86_64-fedora-gcc, r-release-macos-arm64, r-release-macos-x86_64