CRAN Package Check Results for Package CorrectOverloadedPeaks

Last updated on 2022-09-24 21:50:59 CEST.

Flavor Version Tinstall Tcheck Ttotal Status Flags
r-devel-linux-x86_64-debian-clang 1.2.17 4.09 55.85 59.94 OK
r-devel-linux-x86_64-debian-gcc 1.2.17 2.63 41.39 44.02 OK
r-devel-linux-x86_64-fedora-clang 1.2.17 85.49 OK
r-devel-linux-x86_64-fedora-gcc 1.2.17 82.55 OK
r-devel-windows-x86_64 1.2.17 59.00 83.00 142.00 OK
r-patched-linux-x86_64 1.2.17 3.65 54.38 58.03 OK
r-release-linux-x86_64 1.2.17 2.65 54.46 57.11 OK
r-release-macos-arm64 1.2.17 22.00 NOTE
r-release-macos-x86_64 1.2.17 35.00 OK
r-release-windows-x86_64 1.2.17 60.00 82.00 142.00 OK
r-oldrel-macos-arm64 1.2.17 31.00 NOTE
r-oldrel-macos-x86_64 1.2.17 49.00 OK
r-oldrel-windows-ix86+x86_64 1.2.17 7.00 88.00 95.00 OK

Check Details

Version: 1.2.17
Check: package dependencies
Result: NOTE
    Package suggested but not available for checking: ‘xcms’
Flavors: r-release-macos-arm64, r-oldrel-macos-arm64