CRAN Package Check Results for Package CorrBin

Last updated on 2023-10-04 20:42:24 CEST.

Flavor Version Tinstall Tcheck Ttotal Status Flags
r-devel-linux-x86_64-debian-clang 1.6.1 9.37 118.04 127.41 OK
r-devel-linux-x86_64-debian-gcc 1.6.1 6.62 93.89 100.51 OK
r-devel-linux-x86_64-fedora-clang 1.6.1 91.50 OK
r-devel-linux-x86_64-fedora-gcc 1.6.1 171.63 OK
r-devel-windows-x86_64 1.6.1 11.00 157.00 168.00 OK
r-patched-linux-x86_64 1.6 6.14 125.39 131.53 NOTE
r-release-linux-x86_64 1.6.1 5.97 120.02 125.99 OK
r-release-macos-arm64 1.6.1 66.00 OK
r-release-macos-x86_64 1.6.1 145.00 OK
r-release-windows-x86_64 1.6.1 15.00 180.00 195.00 OK
r-oldrel-macos-arm64 1.6.1 62.00 OK
r-oldrel-macos-x86_64 1.6 134.00 OK
r-oldrel-windows-x86_64 1.6.1 17.00 192.00 209.00 OK

Check Details

Version: 1.6
Check: Rd files
Result: NOTE
    checkRd: (-1) egde.Rd:26: Escaped LaTeX specials: \&
Flavor: r-patched-linux-x86_64

Version: 1.6
Check: Rd \usage sections
Result: NOTE
    S3 methods shown with full name in documentation object 'mChoose':
     ‘mc.est.raw’
    
    The \usage entries for S3 methods should use the \method markup and not
    their full name.
    See chapter ‘Writing R documentation files’ in the ‘Writing R
    Extensions’ manual.
Flavor: r-patched-linux-x86_64