CRAN Package Check Results for Package CompoundEvents

Last updated on 2022-10-02 22:51:35 CEST.

Flavor Version Tinstall Tcheck Ttotal Status Flags
r-devel-linux-x86_64-debian-clang 0.1.0 2.16 21.44 23.60 NOTE
r-devel-linux-x86_64-debian-gcc 0.1.0 1.54 17.04 18.58 NOTE
r-devel-linux-x86_64-fedora-clang 0.1.0 42.06 NOTE
r-devel-linux-x86_64-fedora-gcc 0.1.0 39.26 NOTE
r-devel-windows-x86_64 0.1.0 16.00 53.00 69.00 NOTE
r-patched-linux-x86_64 0.1.0 1.82 21.23 23.05 NOTE
r-release-linux-x86_64 0.1.0 1.82 21.13 22.95 NOTE
r-release-macos-arm64 0.1.0 15.00 NOTE
r-release-macos-x86_64 0.1.0 19.00 NOTE
r-release-windows-x86_64 0.1.0 7.00 43.00 50.00 NOTE
r-oldrel-macos-arm64 0.1.0 20.00 NOTE
r-oldrel-macos-x86_64 0.1.0 27.00 NOTE
r-oldrel-windows-ix86+x86_64 0.1.0 6.00 33.00 39.00 NOTE

Check Details

Version: 0.1.0
Check: LazyData
Result: NOTE
     'LazyData' is specified without a 'data' directory
Flavors: r-devel-linux-x86_64-debian-clang, r-devel-linux-x86_64-debian-gcc, r-devel-linux-x86_64-fedora-clang, r-devel-linux-x86_64-fedora-gcc, r-devel-windows-x86_64, r-patched-linux-x86_64, r-release-linux-x86_64, r-release-macos-arm64, r-release-macos-x86_64, r-release-windows-x86_64, r-oldrel-macos-arm64, r-oldrel-macos-x86_64, r-oldrel-windows-ix86+x86_64