Last updated on 2024-07-26 20:49:55 CEST.
Flavor | Version | Tinstall | Tcheck | Ttotal | Status | Flags |
---|---|---|---|---|---|---|
r-devel-linux-x86_64-debian-clang | 0.1.0 | 22.37 | 172.27 | 194.64 | OK | |
r-devel-linux-x86_64-debian-gcc | 0.1.0 | 15.62 | 125.65 | 141.27 | OK | |
r-devel-linux-x86_64-fedora-clang | 0.1.0 | 235.34 | OK | |||
r-devel-linux-x86_64-fedora-gcc | 0.1.0 | 218.02 | OK | |||
r-devel-windows-x86_64 | 0.1.0 | 17.00 | 123.00 | 140.00 | OK | |
r-patched-linux-x86_64 | 0.1.0 | OK | ||||
r-release-linux-x86_64 | 0.1.0 | 12.21 | 162.87 | 175.08 | OK | |
r-release-macos-arm64 | 0.1.0 | 70.00 | OK | |||
r-release-macos-x86_64 | 0.1.0 | 117.00 | ERROR | |||
r-release-windows-x86_64 | 0.1.0 | 18.00 | 122.00 | 140.00 | OK | |
r-oldrel-macos-arm64 | 0.1.0 | 64.00 | OK | |||
r-oldrel-macos-x86_64 | 0.1.0 | 118.00 | ERROR | |||
r-oldrel-windows-x86_64 | 0.1.0 | 24.00 | 154.00 | 178.00 | OK |
Version: 0.1.0
Check: examples
Result: ERROR
Running examples in ‘CompareMultipleModels-Ex.R’ failed
The error most likely occurred in:
> ### Name: best_model_finder
> ### Title: Finding the Best Model Using Eight Metrics Values
> ### Aliases: best_model_finder
>
> ### ** Examples
>
> set.seed(123) # for reproducibility
> Y <- rnorm(100, 100, 10)
> model_1 <-CEEMDANML::carigaan(Y, ratio = 0.8, n_lag = 4)
Error in optim(init[mask], armafn, method = optim.method, hessian = TRUE, :
non-finite finite-difference value [1]
Calls: <Anonymous> -> arima -> optim
Execution halted
Flavors: r-release-macos-x86_64, r-oldrel-macos-x86_64