Last updated on 2024-07-17 20:56:57 CEST.
Flavor | Version | Tinstall | Tcheck | Ttotal | Status | Flags |
---|---|---|---|---|---|---|
r-devel-linux-x86_64-debian-clang | 0.2.6.2 | 13.47 | 126.03 | 139.50 | NOTE | |
r-devel-linux-x86_64-debian-gcc | 0.2.6.2 | 7.63 | 92.09 | 99.72 | NOTE | |
r-devel-linux-x86_64-fedora-clang | 0.2.6.2 | 168.46 | NOTE | |||
r-devel-linux-x86_64-fedora-gcc | 0.2.6.2 | 157.55 | NOTE | |||
r-devel-windows-x86_64 | 0.2.6.2 | 10.00 | 100.00 | 110.00 | NOTE | |
r-patched-linux-x86_64 | 0.2.6.2 | 12.91 | 118.52 | 131.43 | NOTE | |
r-release-linux-x86_64 | 0.2.6.2 | 11.00 | 120.93 | 131.93 | NOTE | |
r-release-macos-arm64 | 0.2.6.2 | 49.00 | NOTE | |||
r-release-macos-x86_64 | 0.2.6.2 | 70.00 | NOTE | |||
r-release-windows-x86_64 | 0.2.6.2 | 10.00 | 102.00 | 112.00 | NOTE | |
r-oldrel-macos-arm64 | 0.2.6.2 | 51.00 | NOTE | |||
r-oldrel-macos-x86_64 | 0.2.6.2 | 66.00 | NOTE | |||
r-oldrel-windows-x86_64 | 0.2.6.2 | 13.00 | 124.00 | 137.00 | NOTE |
Version: 0.2.6.2
Check: package dependencies
Result: NOTE
Package suggested but not available for checking: ‘CAM’
Flavors: r-devel-linux-x86_64-debian-clang, r-devel-linux-x86_64-debian-gcc, r-devel-linux-x86_64-fedora-clang, r-devel-linux-x86_64-fedora-gcc, r-devel-windows-x86_64, r-patched-linux-x86_64, r-release-linux-x86_64, r-release-macos-arm64, r-release-macos-x86_64, r-release-windows-x86_64, r-oldrel-macos-arm64, r-oldrel-windows-x86_64
Version: 0.2.6.2
Check: package dependencies
Result: NOTE
Packages suggested but not available for checking:
'pcalg', 'InvariantCausalPrediction', 'backShift', 'CAM', 'mboost',
'huge', 'flare'
Flavor: r-oldrel-macos-x86_64