Last updated on 2024-03-27 19:56:47 CET.
Flavor | Version | Tinstall | Tcheck | Ttotal | Status | Flags |
---|---|---|---|---|---|---|
r-devel-linux-x86_64-debian-clang | 0.2.6.2 | 10.64 | 123.53 | 134.17 | NOTE | |
r-devel-linux-x86_64-debian-gcc | 0.2.6.2 | 9.01 | 92.09 | 101.10 | NOTE | |
r-devel-linux-x86_64-fedora-clang | 0.2.6.2 | 179.63 | NOTE | |||
r-devel-linux-x86_64-fedora-gcc | 0.2.6.2 | 160.49 | NOTE | |||
r-devel-windows-x86_64 | 0.2.6.2 | 9.00 | 99.00 | 108.00 | NOTE | |
r-patched-linux-x86_64 | 0.2.6.2 | 11.88 | 121.22 | 133.10 | NOTE | |
r-release-linux-x86_64 | 0.2.6.2 | 11.41 | 123.41 | 134.82 | NOTE | |
r-release-macos-arm64 | 0.2.6.2 | 51.00 | NOTE | |||
r-release-macos-x86_64 | 0.2.6.2 | 66.00 | NOTE | |||
r-release-windows-x86_64 | 0.2.6.2 | 12.00 | 131.00 | 143.00 | NOTE | |
r-oldrel-macos-arm64 | 0.2.6.2 | 50.00 | NOTE | |||
r-oldrel-windows-x86_64 | 0.2.6.2 | 12.00 | 130.00 | 142.00 | NOTE |
Version: 0.2.6.2
Check: package dependencies
Result: NOTE
Package suggested but not available for checking: ‘CAM’
Flavors: r-devel-linux-x86_64-debian-clang, r-devel-linux-x86_64-debian-gcc, r-devel-linux-x86_64-fedora-clang, r-devel-linux-x86_64-fedora-gcc, r-devel-windows-x86_64, r-patched-linux-x86_64, r-release-linux-x86_64, r-release-macos-arm64, r-release-windows-x86_64, r-oldrel-macos-arm64, r-oldrel-windows-x86_64
Version: 0.2.6.2
Check: package dependencies
Result: NOTE
Packages suggested but not available for checking:
'pcalg', 'InvariantCausalPrediction', 'backShift', 'CAM', 'mboost',
'huge', 'flare'
Flavor: r-release-macos-x86_64