CRAN Package Check Results for Package CompDist

Last updated on 2025-05-03 21:51:13 CEST.

Flavor Version Tinstall Tcheck Ttotal Status Flags
r-devel-linux-x86_64-debian-clang 1.0 2.75 24.15 26.90 NOTE
r-devel-linux-x86_64-debian-gcc 1.0 1.88 18.08 19.96 NOTE
r-devel-linux-x86_64-fedora-clang 1.0 44.07 NOTE
r-devel-linux-x86_64-fedora-gcc 1.0 40.34 NOTE
r-devel-windows-x86_64 1.0 4.00 57.00 61.00 OK
r-patched-linux-x86_64 1.0 2.53 23.39 25.92 OK
r-release-linux-x86_64 OK
r-release-macos-arm64 1.0 21.00 OK
r-release-macos-x86_64 1.0 31.00 OK
r-release-windows-x86_64 1.0 4.00 51.00 55.00 OK
r-oldrel-macos-arm64 1.0 17.00 OK
r-oldrel-macos-x86_64 1.0 25.00 OK
r-oldrel-windows-x86_64 1.0 5.00 51.00 56.00 OK

Check Details

Version: 1.0
Check: CRAN incoming feasibility
Result: NOTE Maintainer: ‘Saralees Nadarajah <Saralees.Nadarajah@manchester.ac.uk>’ No Authors@R field in DESCRIPTION. Please add one, modifying Authors@R: c(person(given = "Martin", family = "Wiegand", role = "aut"), person(given = "Saralees", family = "Nadarajah", role = c("aut", "cre"), email = "saralees.nadarajah@manchester.ac.uk")) as necessary. Flavors: r-devel-linux-x86_64-debian-clang, r-devel-linux-x86_64-debian-gcc

Version: 1.0
Check: dependencies in R code
Result: NOTE Namespaces in Imports field not imported from: ‘PearsonDS’ ‘VGAM’ ‘actuar’ ‘fExtremes’ ‘rmutil’ All declared Imports should be used. Flavors: r-devel-linux-x86_64-fedora-clang, r-devel-linux-x86_64-fedora-gcc