Last updated on 2025-11-03 21:50:16 CET.
| Flavor | Version | Tinstall | Tcheck | Ttotal | Status | Flags | 
|---|---|---|---|---|---|---|
| r-devel-linux-x86_64-debian-clang | 0.3.1 | 10.25 | 99.89 | 110.14 | OK | |
| r-devel-linux-x86_64-debian-gcc | 0.3.1 | 6.86 | 69.43 | 76.29 | OK | |
| r-devel-linux-x86_64-fedora-clang | 0.3.1 | 94.00 | 75.78 | 169.78 | OK | |
| r-devel-linux-x86_64-fedora-gcc | 0.3.1 | 24.00 | 138.48 | 162.48 | OK | |
| r-devel-windows-x86_64 | 0.3.1 | 15.00 | 118.00 | 133.00 | OK | |
| r-patched-linux-x86_64 | 0.3.1 | 11.59 | 91.68 | 103.27 | OK | |
| r-release-linux-x86_64 | 0.3.1 | 10.65 | 91.50 | 102.15 | OK | |
| r-release-macos-arm64 | 0.3.1 | 6.00 | 67.00 | 73.00 | OK | |
| r-release-macos-x86_64 | 0.3.1 | 10.00 | 110.00 | 120.00 | OK | |
| r-release-windows-x86_64 | 0.3.1 | 12.00 | 115.00 | 127.00 | OK | |
| r-oldrel-macos-arm64 | 0.3.1 | 5.00 | 70.00 | 75.00 | NOTE | |
| r-oldrel-macos-x86_64 | 0.3.1 | 11.00 | 123.00 | 134.00 | NOTE | |
| r-oldrel-windows-x86_64 | 0.3.1 | 16.00 | 139.00 | 155.00 | NOTE | 
Version: 0.3.1
Check: installed package size
Result: NOTE
    installed size is  5.7Mb
    sub-directories of 1Mb or more:
      R      3.7Mb
      data   1.6Mb
Flavors: r-oldrel-macos-arm64, r-oldrel-macos-x86_64, r-oldrel-windows-x86_64