CRAN Package Check Results for Package Coinprofile

Last updated on 2022-10-02 22:51:34 CEST.

Flavor Version Tinstall Tcheck Ttotal Status Flags
r-devel-linux-x86_64-debian-clang 0.1.9 4.03 37.16 41.19 NOTE
r-devel-linux-x86_64-debian-gcc 0.1.9 2.78 27.17 29.95 NOTE
r-devel-linux-x86_64-fedora-clang 0.1.9 60.84 NOTE
r-devel-linux-x86_64-fedora-gcc 0.1.9 58.14 NOTE
r-devel-windows-x86_64 0.1.9 10.00 59.00 69.00 NOTE
r-patched-linux-x86_64 0.1.9 2.44 34.21 36.65 NOTE
r-release-linux-x86_64 0.1.9 3.86 35.58 39.44 NOTE
r-release-macos-arm64 0.1.9 21.00 NOTE
r-release-macos-x86_64 0.1.9 35.00 NOTE
r-release-windows-x86_64 0.1.9 14.00 63.00 77.00 NOTE
r-oldrel-macos-arm64 0.1.9 25.00 NOTE
r-oldrel-macos-x86_64 0.1.9 32.00 NOTE
r-oldrel-windows-ix86+x86_64 0.1.9 9.00 58.00 67.00 NOTE

Check Details

Version: 0.1.9
Check: LazyData
Result: NOTE
     'LazyData' is specified without a 'data' directory
Flavors: r-devel-linux-x86_64-debian-clang, r-devel-linux-x86_64-debian-gcc, r-devel-linux-x86_64-fedora-clang, r-devel-linux-x86_64-fedora-gcc, r-devel-windows-x86_64, r-patched-linux-x86_64, r-release-linux-x86_64, r-release-macos-arm64, r-release-macos-x86_64, r-release-windows-x86_64, r-oldrel-macos-arm64, r-oldrel-macos-x86_64, r-oldrel-windows-ix86+x86_64

Version: 0.1.9
Check: dependencies in R code
Result: NOTE
    Namespaces in Imports field not imported from:
     ‘Rdpack’ ‘coin’ ‘ggplot2’ ‘plyr’
     All declared Imports should be used.
Flavors: r-devel-linux-x86_64-fedora-clang, r-devel-linux-x86_64-fedora-gcc, r-release-macos-arm64, r-release-macos-x86_64, r-oldrel-macos-arm64, r-oldrel-macos-x86_64